{"id":117,"date":"2023-01-21T05:58:40","date_gmt":"2023-01-21T05:58:40","guid":{"rendered":"https:\/\/queretaro10.com\/directorios\/?page_id=27593"},"modified":"2025-03-31T21:57:29","modified_gmt":"2025-03-31T21:57:29","slug":"impermeabilizantes","status":"publish","type":"page","link":"https:\/\/queretaro10.com\/directorios\/impermeabilizantes\/","title":{"rendered":"Impermeabilizantes en Quer\u00e9taro"},"content":{"rendered":"\t\t<div data-elementor-type=\"wp-page\" data-elementor-id=\"117\" class=\"elementor elementor-117\">\n\t\t\t\t<div class=\"elementor-element elementor-element-b215277 e-flex e-con-boxed e-con e-parent\" data-id=\"b215277\" data-element_type=\"container\">\n\t\t\t\t\t<div class=\"e-con-inner\">\n\t\t\t\t<div class=\"elementor-element elementor-element-7d9549c elementor-widget elementor-widget-heading\" data-id=\"7d9549c\" data-element_type=\"widget\" data-widget_type=\"heading.default\">\n\t\t\t\t<div class=\"elementor-widget-container\">\n\t\t\t\t\t<h1 class=\"elementor-heading-title elementor-size-default\">Impermeabilizantes en Quer\u00e9taro<\/h1>\t\t\t\t<\/div>\n\t\t\t\t<\/div>\n\t\t\t\t<div class=\"elementor-element elementor-element-6b74ed4 elementor-widget elementor-widget-text-editor\" data-id=\"6b74ed4\" data-element_type=\"widget\" data-widget_type=\"text-editor.default\">\n\t\t\t\t<div class=\"elementor-widget-container\">\n\t\t\t\t\t\t\t\t\t<p>El servicio de impermeabilizaci\u00f3n siempre es necesario, los ciudadanos por lo menos una vez al a\u00f1o utilizan los servicios de impermeabilizaci\u00f3n para aplicar un nuevo recubrimiento en los techos y azoteas de un inmueble que lo requiera. A continuaci\u00f3n, seleccionamos algunos negocios que disponen de los mejores servicios inmobiliarios en Quer\u00e9taro.<\/p>\t\t\t\t\t\t\t\t<\/div>\n\t\t\t\t<\/div>\n\t\t\t\t\t<\/div>\n\t\t\t\t<\/div>\n\t\t<div class=\"elementor-element elementor-element-2c1ce6d e-flex e-con-boxed e-con e-parent\" data-id=\"2c1ce6d\" data-element_type=\"container\">\n\t\t\t\t\t<div class=\"e-con-inner\">\n\t\t\t\t<div class=\"elementor-element elementor-element-c06b118 elementor-widget elementor-widget-heading\" data-id=\"c06b118\" data-element_type=\"widget\" data-widget_type=\"heading.default\">\n\t\t\t\t<div class=\"elementor-widget-container\">\n\t\t\t\t\t<h2 class=\"elementor-heading-title elementor-size-default\">Directorio de Impermeabilizantes en Quer\u00e9taro<\/h2>\t\t\t\t<\/div>\n\t\t\t\t<\/div>\n\t\t\t\t<div class=\"elementor-element elementor-element-59d6eb6 elementor-widget elementor-widget-text-editor\" data-id=\"59d6eb6\" data-element_type=\"widget\" data-widget_type=\"text-editor.default\">\n\t\t\t\t<div class=\"elementor-widget-container\">\n\t\t\t\t\t\t\t\t\t<p>Una recopilaci\u00f3n de los mejores servicios de impermeabilizaci\u00f3n del Estado de Quer\u00e9taro, los cuales fueron indexados en medios digitales como buenos contactos, si desea actualizar alg\u00fan dato o agregar un Servicio en Quer\u00e9taro con gusto lo realizamos.<\/p>\t\t\t\t\t\t\t\t<\/div>\n\t\t\t\t<\/div>\n\t\t\t\t\t<\/div>\n\t\t\t\t<\/div>\n\t\t<div class=\"elementor-element elementor-element-3447957 e-flex e-con-boxed e-con e-parent\" data-id=\"3447957\" data-element_type=\"container\">\n\t\t\t\t\t<div class=\"e-con-inner\">\n\t\t\t\t<div class=\"elementor-element elementor-element-29eb239 elementor-widget elementor-widget-text-editor\" data-id=\"29eb239\" data-element_type=\"widget\" data-widget_type=\"text-editor.default\">\n\t\t\t\t<div class=\"elementor-widget-container\">\n\t\t\t\t\t\t\t\t\t<hr \/><h3>PASA Impermeabilizantes de Quer\u00e9taro<\/h3><p>Servicio de PASA Impermeabilizantes de Quer\u00e9taro<br \/><strong>Direcciones:<\/strong> Prol. Independencia Sur 206, Sin Nombre, 76220 Santa Rosa J\u00e1uregui, Qro., M\u00e9xico<br \/><strong>Tel\u00e9fono:<\/strong> (442)294 5995, (442)379 3379, (442)291 1676, (442)475 3425.<br \/><strong>WhatsApp:<\/strong> (442)379 3379, (442)475 3425.<br \/><strong>Sitio:<\/strong> http:\/\/impermeabilizantesqro.com\/<br \/><strong>E-mail:<\/strong> blasio@impermeabilizantesqro.com, fblasio@impermeabilizantesqro.com<br \/><strong>Rese\u00f1a:<\/strong> Productos y servicios que ofrece PASA Impermeabilizantes de Quer\u00e9taro,\u00a0Soluciones Edificaci\u00f3n Profesional: Techos y Cubiertas, Muros y Fachadas, Pisos y Cimientos. Soluciones Industria: Techos y Cubiertas, Muros y Fachadas, Pisos y Cimientos, Cisternas y Elementos de Contenci\u00f3n de Agua. Soluciones Hogar: Techos, Muros y Fachadas, Cisternas. Diagn\u00f3stico y Asesor\u00eda, Elaboraci\u00f3n de propuestas t\u00e9cnicas comerciales, Aplicaci\u00f3n y supervisi\u00f3n.<br \/><a href=\"https:\/\/goo.gl\/maps\/2eHkuCWBr8FAB6gFA\" target=\"_blank\" rel=\"noopener,nofollow noopener\">Link de Ubicaci\u00f3n en Mapa Google. Clic Mapa.<\/a><\/p><hr \/><h3>IMPERQRO San Juan<\/h3><p>Servicio de IMPERQRO San Juan en Quer\u00e9taro.<br \/><strong>2 Direcciones:<\/strong> Av. Pie de la Cuesta 1251-Local 1, Desarrollo San Pablo, 76125 Santiago de Quer\u00e9taro, Qro.<br \/><strong>Tel\u00e9fono:<\/strong> (442)234 4292, (427)209 0055, (427)488 5084.<br \/><strong>WhatsApp:<\/strong> (427)488 5084.<br \/><strong>Sitio:<\/strong> https:\/\/www.imperqro.com\/<br \/><strong>E-mail:<\/strong> imperqrofester@hotmail.com<br \/><strong>Rese\u00f1a:<\/strong> Productos y servicios que ofrece IMPERQRO San Juan,\u00a0Aplicaci\u00f3n de impermeabilizantes de techos, Impermeabilizantes asf\u00e1lticos, Impermeabilizantes acr\u00edlicos, Resina, Ep\u00f3xicos, Prefabricados, Restauraci\u00f3n.<br \/><a href=\"https:\/\/goo.gl\/maps\/Rcfnf4j1J1QbthQU9\" target=\"_blank\" rel=\"noopener,nofollow noopener\">Link de Ubicaci\u00f3n en Mapa Google. Clic Mapa.<\/a><\/p><hr \/><h3>Protec-Home<\/h3><p>Servicio de Protec-Home en Quer\u00e9taro.<br \/><strong>Direcciones:<\/strong> C. Cuauht\u00e9moc 39-B, Centro, 76000 Santiago de Quer\u00e9taro, Qro.<br \/><strong>Tel\u00e9fono:<\/strong> (442)212 1420, (442)341 1560, (442)149 8087.<br \/><strong>Sitio:<\/strong> http:\/\/www.protec-home.com.mx\/<br \/><strong>E-mail:<\/strong> equipoeimplementos@gmail.com<br \/><strong>Rese\u00f1a:<\/strong> Productos y servicios que ofrece Protec-Home,\u00a0Aplicaci\u00f3n de impermeabilizantes en Hogares, Oficinas, Escuelas, Edificios. Impermeabilizante Acr\u00edlico Estirenado Blanco con 3, 5, 7, 10 a\u00f1os de Duraci\u00f3n, Impermeabilizante Acr\u00edlico Estirenado Terracota 3, 5, 7, 10 A\u00f1os de Duraci\u00f3n, Impermeabilizante Acr\u00edlico Estirenado Blanco 3 y 5 A\u00f1os de Duraci\u00f3n, Impermeabilizante Acr\u00edlico Estirenado Terracota 3 A\u00f1os y 5 A\u00f1os de Duraci\u00f3n. Pasta Selladora: Pasta Acr\u00edlica Selladora de Fisuras Blanco y Terracota, Ligante Asfalto Acr\u00edlico Cont. Net 1L.<br \/><a href=\"https:\/\/goo.gl\/maps\/dQRPwJEF1KdSgMJd8\" target=\"_blank\" rel=\"noopener,nofollow noopener\">Link de Ubicaci\u00f3n en Mapa Google. Clic Mapa.<\/a><\/p><hr \/><h3>Impermat de Quer\u00e9taro<\/h3><p>Servicio de Impermat de Quer\u00e9taro.<br \/><strong>Direcciones:<\/strong> Av: Luis Vega Y Monroy N\u00b0 505 y 507, Balaustradas, 76079 Santiago de Quer\u00e9taro, Qro.<br \/><strong>Tel\u00e9fono:<\/strong> (442)454 0235, (442)248 2981, (442)248 1585, (442)213 4284.<br \/><strong>WhatsApp:<\/strong> (442)230 1800.<br \/><strong>Sitio:<\/strong> https:\/\/www.impermatdequeretaro.com\/<br \/><strong>E-mail:<\/strong> mazemjm@hotmail.com<br \/><strong>Rese\u00f1a:<\/strong> Productos y servicios que ofrece Impermat de Quer\u00e9taro,\u00a0Aplicaci\u00f3n y venta de impermeabilizantes, adhesivos para concreto, selladores, resanadores, reparadores. Impermeabilizantes: Acr\u00edlicos, Asf\u00e1lticos, Cementosos, Prefabricados, Poliuretanos. Adhesivos para Concreto: Festerbond, Fester Epoxine 200, Fester AD. Auxiliares y Aditivos para Concreto: Fibrafest, Fester Cimbra DC 350, Fester Endumin, Festermix, Fester Cimbra DC 310, Fester Curafest MC 320, Fester Curafest MC 330. Grouts y Anclajes: FesterGrout NM Alta fluidez, FesterGrout NM 800, Fester CF 1000, Fester Epoxine 800 Grout, FesterGrout NM 600, Ferrofest G, Fester CF 890. Selladores y Resanadores: Fexpan, Fester Superseal P, Fester Superseal SL, Fester FT 101, Fester FT 201, Fester Epoxy JOINT, Fester Espuma Expansiva, Fester Epoxine 900, Fester Elastofest, Fester Banda Ojillada de PVC. Reparadores: Festerplast, Fester Epoxine 300 Resanador, Fester Integral A &#8211; Z, Fester Epoxine 220, Fester Epoxine 300 Primer, Fester CM 202, Fester CM 201, Fester CM 200, Fester CM 100.<br \/><a href=\"https:\/\/goo.gl\/maps\/F5223UHS5dNhFZFs5\" target=\"_blank\" rel=\"noopener,nofollow noopener\">Link de Ubicaci\u00f3n en Mapa Google. Clic Mapa.<\/a><\/p><hr \/><h3>Fester de Quer\u00e9taro<\/h3><p>Servicio de Fester de Quer\u00e9taro<br \/><strong>Direcciones:<\/strong> Artesanos, C. Mec\u00e1nicos Esq, San Pedrito Pe\u00f1uelas I, 76138 Santiago de Quer\u00e9taro, Qro.<br \/><strong>Tel\u00e9fono:<\/strong> (442)220 9808, (442)210 2865.<br \/><strong>Sitio:<\/strong> http:\/\/festerdequeretaro.com\/<br \/><strong>E-mail:<\/strong> ventas1@festerdequeretaro.com, disbatalla@hotmail.com<br \/><strong>Rese\u00f1a:<\/strong> Productos y servicios que ofrece Fester de Quer\u00e9taro,\u00a0Impermeabilizantes: Sistema Impermeable Acr\u00edlico, Sistema Impermeable Asf\u00e1ltico, Mantos Impermeables Prefabricados (MIP), Impermeabilizantes Cementosos, Sistema Impermeable Poliuretano. Adhesivos Para Concreto, Auxiliares y Aditivos para Concreto, Grouts y Anclajes, Selladores y Resanadores, Reparadores, Tratamientos Para Superficies.<br \/><a href=\"https:\/\/goo.gl\/maps\/VD2MxPAuuGL6dzUo8\" target=\"_blank\" rel=\"noopener,nofollow noopener\">Link de Ubicaci\u00f3n en Mapa Google. Clic Mapa.<\/a><\/p><hr \/><h3>Recubrimientos Trujillo<\/h3><p>Servicio de Recubrimientos Trujillo en Quer\u00e9taro.<br \/><strong>Direcciones:<\/strong> Cobertura en: Todo Quer\u00e9taro, QRO<br \/><strong>Tel\u00e9fono:<\/strong> (442)248 7787, (871)730 4372.<br \/><strong>WhatsApp:<\/strong> (871)292 6590.<br \/><strong>Sitio:<\/strong> https:\/\/www.recubrimientostrujillo.com.mx\/<br \/><strong>E-mail:<\/strong> ventastrujillo6@gmail.com<br \/><strong>Rese\u00f1a:<\/strong> Productos y servicios que ofrece Recubrimientos Trujillo,\u00a0Aplicaci\u00f3n de Poliuretano Espreado: Cuartos fr\u00edos, Contenedores, Carrocer\u00eda, Naves industriales, Industria av\u00edcola, Uso residencial. Impermeabilizaci\u00f3n: Prefabricado, Elastom\u00e9rico, TPO, Poliuretano espreado. Acabados Industriales: Piso ep\u00f3xico, Recubrimientos.<br \/><a href=\"https:\/\/goo.gl\/maps\/yFG4Sdk9D9qNRu5i6\" target=\"_blank\" rel=\"noopener,nofollow noopener\">Link de Ubicaci\u00f3n en Mapa Google. Clic Mapa.<\/a><\/p><hr \/><h3>IDQ Impermeabilizantes<\/h3><p>Servicio de IDQ Impermeabilizantes en Quer\u00e9taro.<br \/><strong>Direcciones:<\/strong> Bisagra 6-interior A, El P\u00f3rtico, 76902 San Jos\u00e9 de los Olvera, Qro.<br \/><strong>Tel\u00e9fono:<\/strong> (442)704 4268.<br \/><strong>WhatsApp:<\/strong> (442)849 1058.<br \/><strong>Sitio:<\/strong> https:\/\/impermeabilizantesqueretaro.com.mx\/<br \/><strong>E-mail:<\/strong> contacto@impermeabilizantesqueretaro.com.mx<br \/><strong>Rese\u00f1a:<\/strong> Productos y servicios que ofrece IDQ Impermeabilizantes,\u00a0Venta y Aplicaci\u00f3n de Impermeabilizantes Asf\u00e1lticos, Acr\u00edlicos, Prefabricado, Cementosos.<br \/><a href=\"https:\/\/goo.gl\/maps\/oh7GNXhxMRktVSUx5\" target=\"_blank\" rel=\"noopener,nofollow noopener\">Link de Ubicaci\u00f3n en Mapa Google. Clic Mapa.<\/a><\/p><hr \/><h3>Juanito el Pintor<\/h3><p>Servicio de Juanito el Pintor en Quer\u00e9taro.<br \/><strong>Direcciones:<\/strong> Boulevard del Refugio 640, Condominio C B-101, 76269 Santiago de Quer\u00e9taro, Qro.<br \/><strong>Tel\u00e9fono:<\/strong> (442)598 0237.<br \/><strong>WhatsApp:<\/strong> (442)598 0237.<br \/><strong>Sitio:<\/strong> https:\/\/juanitoelpintor.com\/sucursal-queretaro\/<br \/><strong>E-mail:<\/strong> contacto@juanitoelpintor.com<br \/><strong>Rese\u00f1a:<\/strong> Productos y servicios que ofrece Juanito el Pintor,\u00a0Aplicaci\u00f3n de Impermeabilizantes Acr\u00edlico, Asf\u00e1ltico, Prefabricados, Cementosos, Poliuretano, Selladores y Resanadores.<br \/><a href=\"https:\/\/goo.gl\/maps\/Upkhb56yBMsZYs3B9\" target=\"_blank\" rel=\"noopener,nofollow noopener\">Link de Ubicaci\u00f3n en Mapa Google. Clic Mapa.<\/a><\/p><hr \/><h3>Impermateriales Pitta<\/h3><p>Servicio de Impermateriales Pitta en Quer\u00e9taro.<br \/><strong>Direcciones:<\/strong> Av. Corregidora Nte. 485-INT 4, Linda Vista, 76168 Santiago de Quer\u00e9taro, Qro.<br \/><strong>Tel\u00e9fono:<\/strong> (442)166 1967, (442)212 5352, (442)479 7742.<br \/><strong>WhatsApp:<\/strong> (442)479 7742.<br \/><strong>Sitio:<\/strong> https:\/\/www.impermaterialespitta.com\/<br \/><strong>E-mail:<\/strong> facturas@impermaterialespitta.com, raul.pitta@impermaterialespitta.com<br \/><strong>Rese\u00f1a:<\/strong> Productos y servicios que ofrece Impermeabilizaciones para Techos y Azoteas: Acr\u00edlico, Asf\u00e1ltico, Prefabricado, H\u00edbrido, Poliuretano.<br \/><a href=\"https:\/\/goo.gl\/maps\/Gz7EvRzs69PD3S5GA\" target=\"_blank\" rel=\"noopener,nofollow noopener\">Link de Ubicaci\u00f3n en Mapa Google. Clic Mapa.<\/a><\/p><hr \/><h3>Curacreto<\/h3><p>Servicio de Curacreto en Quer\u00e9taro.<br \/><strong>Direcciones:<\/strong> Carretera M\u00e9xico-Quer\u00e9taro, Km 201.5, 76240 Rancho Nuevo Torre\u00f3n, Qro.<br \/><strong>Tel\u00e9fono:<\/strong> (442)277 4482, (442)277 4689.<br \/><strong>WhatsApp:<\/strong> (551)068 6939.<br \/><strong>Sitio:<\/strong> https:\/\/www.curacreto.com.mx\/<br \/><strong>E-mail:<\/strong> contacto@curacreto.com.mx<br \/><strong>Rese\u00f1a:<\/strong> Productos y servicios que ofrece Curacreto,\u00a0Impermeabilizantes: Acr\u00edlicos, Mantos Prefabricados, Asfalticos, Cementosos, Ep\u00f3xicos, Integrales, De Poliuretano, Asfalto Oxidado, Recubrimientos Reflectivos y Refuerzos, Repelentes.<br \/><a href=\"https:\/\/goo.gl\/maps\/t89sKq5k1W2542go9\" target=\"_blank\" rel=\"noopener,nofollow noopener\">Link de Ubicaci\u00f3n en Mapa Google. Clic Mapa.<\/a><\/p><hr \/>\t\t\t\t\t\t\t\t<\/div>\n\t\t\t\t<\/div>\n\t\t\t\t\t<\/div>\n\t\t\t\t<\/div>\n\t\t<div class=\"elementor-element elementor-element-531c739 e-flex e-con-boxed e-con e-parent\" data-id=\"531c739\" data-element_type=\"container\">\n\t\t\t\t\t<div class=\"e-con-inner\">\n\t\t\t\t<div class=\"elementor-element elementor-element-0ffb25d elementor-widget elementor-widget-heading\" data-id=\"0ffb25d\" data-element_type=\"widget\" data-widget_type=\"heading.default\">\n\t\t\t\t<div class=\"elementor-widget-container\">\n\t\t\t\t\t<h2 class=\"elementor-heading-title elementor-size-default\">Servicios de Impermeabilizantes Mapa<\/h2>\t\t\t\t<\/div>\n\t\t\t\t<\/div>\n\t\t\t\t<div class=\"elementor-element elementor-element-12a8689 elementor-widget elementor-widget-text-editor\" data-id=\"12a8689\" data-element_type=\"widget\" data-widget_type=\"text-editor.default\">\n\t\t\t\t<div class=\"elementor-widget-container\">\n\t\t\t\t\t\t\t\t\t<p>Los servicios especializados de impermeabilizaci\u00f3n, aplicaci\u00f3n de impermeabilizantes en Techos y Azoteas: Acr\u00edlicos, Mantos Prefabricados, Asfalticos, Cementosos, Ep\u00f3xicos, Integrales, De Poliuretano, Asfalto Oxidado, Prefabricados, Elastom\u00e9rico, TPO, Poliuretano espreado, Recubrimientos Reflectivos, Refuerzos, Selladores, Resanadores, Repelentes. Acabados Industriales: Piso ep\u00f3xico, Recubrimientos.<\/p>\t\t\t\t\t\t\t\t<\/div>\n\t\t\t\t<\/div>\n\t\t\t\t\t<\/div>\n\t\t\t\t<\/div>\n\t\t<div class=\"elementor-element elementor-element-04fae8d e-flex e-con-boxed e-con e-parent\" data-id=\"04fae8d\" data-element_type=\"container\">\n\t\t\t\t\t<div class=\"e-con-inner\">\n\t\t\t\t<div class=\"elementor-element elementor-element-9e9365c elementor-widget elementor-widget-text-editor\" data-id=\"9e9365c\" data-element_type=\"widget\" data-widget_type=\"text-editor.default\">\n\t\t\t\t<div class=\"elementor-widget-container\">\n\t\t\t\t\t\t\t\t\t<iframe style=\"border: 0;\" src=\"https:\/\/www.google.com\/maps\/embed?pb=!1m16!1m12!1m3!1d100470.73406336391!2d-100.40802839649375!3d20.638392951783715!2m3!1f0!2f0!3f0!3m2!1i1024!2i768!4f13.1!2m1!1sImpermeabilizaci%C3%B3n!5e0!3m2!1ses-419!2smx!4v1674280881773!5m2!1ses-419!2smx\" width=\"100%\" height=\"450\" frameborder=\"0\" allowfullscreen=\"allowfullscreen\"><\/iframe>\t\t\t\t\t\t\t\t<\/div>\n\t\t\t\t<\/div>\n\t\t\t\t\t<\/div>\n\t\t\t\t<\/div>\n\t\t<div class=\"elementor-element elementor-element-db1b407 e-flex e-con-boxed e-con e-parent\" data-id=\"db1b407\" data-element_type=\"container\">\n\t\t\t\t\t<div class=\"e-con-inner\">\n\t\t<div class=\"elementor-element elementor-element-3b000b3 e-con-full e-flex e-con e-child\" data-id=\"3b000b3\" data-element_type=\"container\">\n\t\t\t\t<div class=\"elementor-element elementor-element-dea00a7 elementor-widget elementor-widget-image\" data-id=\"dea00a7\" data-element_type=\"widget\" data-widget_type=\"image.default\">\n\t\t\t\t<div class=\"elementor-widget-container\">\n\t\t\t\t\t\t\t\t\t\t\t\t\t\t\t\t<a href=\"https:\/\/mkdigital10.com\/plan-full-empresarial\/\">\n\t\t\t\t\t\t\t<img fetchpriority=\"high\" decoding=\"async\" width=\"750\" height=\"750\" src=\"https:\/\/queretaro10.com\/directorios\/wp-content\/uploads\/2024\/06\/qro10-4-2024-PLAN-FULL-EMPRESARIAL-min.png\" class=\"attachment-full size-full wp-image-809\" alt=\"Plan Full MARKETING EMPRESARIAL\" srcset=\"https:\/\/queretaro10.com\/directorios\/wp-content\/uploads\/2024\/06\/qro10-4-2024-PLAN-FULL-EMPRESARIAL-min.png 750w, https:\/\/queretaro10.com\/directorios\/wp-content\/uploads\/2024\/06\/qro10-4-2024-PLAN-FULL-EMPRESARIAL-min-300x300.png 300w, https:\/\/queretaro10.com\/directorios\/wp-content\/uploads\/2024\/06\/qro10-4-2024-PLAN-FULL-EMPRESARIAL-min-150x150.png 150w\" sizes=\"(max-width: 750px) 100vw, 750px\" \/>\t\t\t\t\t\t\t\t<\/a>\n\t\t\t\t\t\t\t\t\t\t\t\t\t\t\t<\/div>\n\t\t\t\t<\/div>\n\t\t\t\t<\/div>\n\t\t<div class=\"elementor-element elementor-element-f19e0e2 e-con-full e-flex e-con e-child\" data-id=\"f19e0e2\" data-element_type=\"container\">\n\t\t\t\t<div class=\"elementor-element elementor-element-a755231 elementor-widget elementor-widget-image\" data-id=\"a755231\" data-element_type=\"widget\" data-widget_type=\"image.default\">\n\t\t\t\t<div class=\"elementor-widget-container\">\n\t\t\t\t\t\t\t\t\t\t\t\t\t\t\t\t<a href=\"https:\/\/queretaro10.com\/qro\/marketing\/\">\n\t\t\t\t\t\t\t<img decoding=\"async\" width=\"750\" height=\"750\" src=\"https:\/\/queretaro10.com\/directorios\/wp-content\/uploads\/2024\/06\/qro10-Plan-MK-Digital-PyMe-Local-cuadro-4-min.png\" class=\"attachment-full size-full wp-image-810\" alt=\"PLAN FULL MARKETING DIGITAL PyMe Local\" srcset=\"https:\/\/queretaro10.com\/directorios\/wp-content\/uploads\/2024\/06\/qro10-Plan-MK-Digital-PyMe-Local-cuadro-4-min.png 750w, https:\/\/queretaro10.com\/directorios\/wp-content\/uploads\/2024\/06\/qro10-Plan-MK-Digital-PyMe-Local-cuadro-4-min-300x300.png 300w, https:\/\/queretaro10.com\/directorios\/wp-content\/uploads\/2024\/06\/qro10-Plan-MK-Digital-PyMe-Local-cuadro-4-min-150x150.png 150w\" sizes=\"(max-width: 750px) 100vw, 750px\" \/>\t\t\t\t\t\t\t\t<\/a>\n\t\t\t\t\t\t\t\t\t\t\t\t\t\t\t<\/div>\n\t\t\t\t<\/div>\n\t\t\t\t<\/div>\n\t\t<div class=\"elementor-element elementor-element-708a724 e-con-full e-flex e-con e-child\" data-id=\"708a724\" data-element_type=\"container\">\n\t\t\t\t<div class=\"elementor-element elementor-element-36ec9bc elementor-widget elementor-widget-image\" data-id=\"36ec9bc\" data-element_type=\"widget\" data-widget_type=\"image.default\">\n\t\t\t\t<div class=\"elementor-widget-container\">\n\t\t\t\t\t\t\t\t\t\t\t\t\t\t\t\t<a href=\"https:\/\/mkdigital10.com\/sem\/redes-sociales\/\">\n\t\t\t\t\t\t\t<img decoding=\"async\" width=\"750\" height=\"750\" src=\"https:\/\/queretaro10.com\/directorios\/wp-content\/uploads\/2025\/03\/qro10-Plan-Redes-Sociales.png\" class=\"attachment-full size-full wp-image-1199\" alt=\"Plan Redes Sociales\" srcset=\"https:\/\/queretaro10.com\/directorios\/wp-content\/uploads\/2025\/03\/qro10-Plan-Redes-Sociales.png 750w, https:\/\/queretaro10.com\/directorios\/wp-content\/uploads\/2025\/03\/qro10-Plan-Redes-Sociales-300x300.png 300w, https:\/\/queretaro10.com\/directorios\/wp-content\/uploads\/2025\/03\/qro10-Plan-Redes-Sociales-150x150.png 150w\" sizes=\"(max-width: 750px) 100vw, 750px\" \/>\t\t\t\t\t\t\t\t<\/a>\n\t\t\t\t\t\t\t\t\t\t\t\t\t\t\t<\/div>\n\t\t\t\t<\/div>\n\t\t\t\t<\/div>\n\t\t<div class=\"elementor-element elementor-element-0fdee09 e-con-full e-flex e-con e-child\" data-id=\"0fdee09\" data-element_type=\"container\">\n\t\t\t\t<div class=\"elementor-element elementor-element-08e6426 elementor-widget elementor-widget-image\" data-id=\"08e6426\" data-element_type=\"widget\" data-widget_type=\"image.default\">\n\t\t\t\t<div class=\"elementor-widget-container\">\n\t\t\t\t\t\t\t\t\t\t\t\t\t\t\t\t<a href=\"https:\/\/mkdigital10.com\/paginas-web\/\">\n\t\t\t\t\t\t\t<img loading=\"lazy\" decoding=\"async\" width=\"750\" height=\"750\" src=\"https:\/\/queretaro10.com\/directorios\/wp-content\/uploads\/2025\/03\/qro10-Plan-Paginas-Web-PyMe-Empresarial.png\" class=\"attachment-full size-full wp-image-1200\" alt=\"Plan P\u00e1ginas Web PyMe Empresarial\" srcset=\"https:\/\/queretaro10.com\/directorios\/wp-content\/uploads\/2025\/03\/qro10-Plan-Paginas-Web-PyMe-Empresarial.png 750w, https:\/\/queretaro10.com\/directorios\/wp-content\/uploads\/2025\/03\/qro10-Plan-Paginas-Web-PyMe-Empresarial-300x300.png 300w, https:\/\/queretaro10.com\/directorios\/wp-content\/uploads\/2025\/03\/qro10-Plan-Paginas-Web-PyMe-Empresarial-150x150.png 150w\" sizes=\"(max-width: 750px) 100vw, 750px\" \/>\t\t\t\t\t\t\t\t<\/a>\n\t\t\t\t\t\t\t\t\t\t\t\t\t\t\t<\/div>\n\t\t\t\t<\/div>\n\t\t\t\t<\/div>\n\t\t\t\t\t<\/div>\n\t\t\t\t<\/div>\n\t\t\t\t<\/div>\n\t\t","protected":false},"excerpt":{"rendered":"<p>Impermeabilizantes en Quer\u00e9taro El servicio de impermeabilizaci\u00f3n siempre es necesario, los ciudadanos por lo menos una vez al a\u00f1o utilizan [&hellip;]<\/p>\n","protected":false},"author":1,"featured_media":118,"parent":0,"menu_order":0,"comment_status":"closed","ping_status":"closed","template":"elementor_header_footer","meta":{"site-sidebar-layout":"default","site-content-layout":"","ast-site-content-layout":"default","site-content-style":"default","site-sidebar-style":"default","ast-global-header-display":"","ast-banner-title-visibility":"","ast-main-header-display":"","ast-hfb-above-header-display":"","ast-hfb-below-header-display":"","ast-hfb-mobile-header-display":"","site-post-title":"","ast-breadcrumbs-content":"","ast-featured-img":"","footer-sml-layout":"","theme-transparent-header-meta":"default","adv-header-id-meta":"","stick-header-meta":"","header-above-stick-meta":"","header-main-stick-meta":"","header-below-stick-meta":"","astra-migrate-meta-layouts":"set","ast-page-background-enabled":"default","ast-page-background-meta":{"desktop":{"background-color":"var(--ast-global-color-4)","background-image":"","background-repeat":"repeat","background-position":"center center","background-size":"auto","background-attachment":"scroll","background-type":"","background-media":"","overlay-type":"","overlay-color":"","overlay-opacity":"","overlay-gradient":""},"tablet":{"background-color":"","background-image":"","background-repeat":"repeat","background-position":"center center","background-size":"auto","background-attachment":"scroll","background-type":"","background-media":"","overlay-type":"","overlay-color":"","overlay-opacity":"","overlay-gradient":""},"mobile":{"background-color":"","background-image":"","background-repeat":"repeat","background-position":"center center","background-size":"auto","background-attachment":"scroll","background-type":"","background-media":"","overlay-type":"","overlay-color":"","overlay-opacity":"","overlay-gradient":""}},"ast-content-background-meta":{"desktop":{"background-color":"var(--ast-global-color-5)","background-image":"","background-repeat":"repeat","background-position":"center center","background-size":"auto","background-attachment":"scroll","background-type":"","background-media":"","overlay-type":"","overlay-color":"","overlay-opacity":"","overlay-gradient":""},"tablet":{"background-color":"var(--ast-global-color-5)","background-image":"","background-repeat":"repeat","background-position":"center center","background-size":"auto","background-attachment":"scroll","background-type":"","background-media":"","overlay-type":"","overlay-color":"","overlay-opacity":"","overlay-gradient":""},"mobile":{"background-color":"var(--ast-global-color-5)","background-image":"","background-repeat":"repeat","background-position":"center center","background-size":"auto","background-attachment":"scroll","background-type":"","background-media":"","overlay-type":"","overlay-color":"","overlay-opacity":"","overlay-gradient":""}},"footnotes":""},"class_list":["post-117","page","type-page","status-publish","has-post-thumbnail","hentry"],"aioseo_notices":[],"_links":{"self":[{"href":"https:\/\/queretaro10.com\/directorios\/wp-json\/wp\/v2\/pages\/117","targetHints":{"allow":["GET"]}}],"collection":[{"href":"https:\/\/queretaro10.com\/directorios\/wp-json\/wp\/v2\/pages"}],"about":[{"href":"https:\/\/queretaro10.com\/directorios\/wp-json\/wp\/v2\/types\/page"}],"author":[{"embeddable":true,"href":"https:\/\/queretaro10.com\/directorios\/wp-json\/wp\/v2\/users\/1"}],"replies":[{"embeddable":true,"href":"https:\/\/queretaro10.com\/directorios\/wp-json\/wp\/v2\/comments?post=117"}],"version-history":[{"count":10,"href":"https:\/\/queretaro10.com\/directorios\/wp-json\/wp\/v2\/pages\/117\/revisions"}],"predecessor-version":[{"id":1410,"href":"https:\/\/queretaro10.com\/directorios\/wp-json\/wp\/v2\/pages\/117\/revisions\/1410"}],"wp:featuredmedia":[{"embeddable":true,"href":"https:\/\/queretaro10.com\/directorios\/wp-json\/wp\/v2\/media\/118"}],"wp:attachment":[{"href":"https:\/\/queretaro10.com\/directorios\/wp-json\/wp\/v2\/media?parent=117"}],"curies":[{"name":"wp","href":"https:\/\/api.w.org\/{rel}","templated":true}]}}