{"id":132,"date":"2022-09-12T22:50:29","date_gmt":"2022-09-12T22:50:29","guid":{"rendered":"https:\/\/queretaro10.com\/directorios\/?page_id=26409"},"modified":"2025-03-31T21:43:30","modified_gmt":"2025-03-31T21:43:30","slug":"montacargas","status":"publish","type":"page","link":"https:\/\/queretaro10.com\/directorios\/montacargas\/","title":{"rendered":"Montacargas en Quer\u00e9taro"},"content":{"rendered":"\t\t<div data-elementor-type=\"wp-page\" data-elementor-id=\"132\" class=\"elementor elementor-132\">\n\t\t\t\t<div class=\"elementor-element elementor-element-bd5dcde e-flex e-con-boxed e-con e-parent\" data-id=\"bd5dcde\" data-element_type=\"container\">\n\t\t\t\t\t<div class=\"e-con-inner\">\n\t\t\t\t<div class=\"elementor-element elementor-element-c5555dc elementor-widget elementor-widget-heading\" data-id=\"c5555dc\" data-element_type=\"widget\" data-widget_type=\"heading.default\">\n\t\t\t\t<div class=\"elementor-widget-container\">\n\t\t\t\t\t<h1 class=\"elementor-heading-title elementor-size-default\">Montacargas en Quer\u00e9taro<\/h1>\t\t\t\t<\/div>\n\t\t\t\t<\/div>\n\t\t\t\t<div class=\"elementor-element elementor-element-c18bfd7 elementor-widget elementor-widget-text-editor\" data-id=\"c18bfd7\" data-element_type=\"widget\" data-widget_type=\"text-editor.default\">\n\t\t\t\t<div class=\"elementor-widget-container\">\n\t\t\t\t\t\t\t\t\t<p>El servicio de Montacargas siempre es necesario, las empresas utilizan estos vehiculos para mover o transportar sus productos en sus almacenes o zonas de carga, estos vehiculos permiten mover cargas pesadas que abarca desde 1 tonelada hasta 15 toneladas por carga, consiguiendo un manejo optimo y seguro de sus productos en su empresa.<\/p>\t\t\t\t\t\t\t\t<\/div>\n\t\t\t\t<\/div>\n\t\t\t\t\t<\/div>\n\t\t\t\t<\/div>\n\t\t<div class=\"elementor-element elementor-element-ad590a4 e-flex e-con-boxed e-con e-parent\" data-id=\"ad590a4\" data-element_type=\"container\">\n\t\t\t\t\t<div class=\"e-con-inner\">\n\t\t\t\t<div class=\"elementor-element elementor-element-54ae956 elementor-widget elementor-widget-heading\" data-id=\"54ae956\" data-element_type=\"widget\" data-widget_type=\"heading.default\">\n\t\t\t\t<div class=\"elementor-widget-container\">\n\t\t\t\t\t<h2 class=\"elementor-heading-title elementor-size-default\">Directorio de Montacargas en Quer\u00e9taro<\/h2>\t\t\t\t<\/div>\n\t\t\t\t<\/div>\n\t\t\t\t<div class=\"elementor-element elementor-element-f9c59e0 elementor-widget elementor-widget-text-editor\" data-id=\"f9c59e0\" data-element_type=\"widget\" data-widget_type=\"text-editor.default\">\n\t\t\t\t<div class=\"elementor-widget-container\">\n\t\t\t\t\t\t\t\t\t<p>Una recopilaci\u00f3n de los mejores servicios de Montacargas del Estado de Quer\u00e9taro, los cuales fueron indexados en medios digitales como buenos contactos, si desea actualizar alg\u00fan dato o agregar un Servicio en Quer\u00e9taro con gusto lo realizamos.<\/p>\t\t\t\t\t\t\t\t<\/div>\n\t\t\t\t<\/div>\n\t\t\t\t\t<\/div>\n\t\t\t\t<\/div>\n\t\t<div class=\"elementor-element elementor-element-e546f5a e-flex e-con-boxed e-con e-parent\" data-id=\"e546f5a\" data-element_type=\"container\">\n\t\t\t\t\t<div class=\"e-con-inner\">\n\t\t\t\t<div class=\"elementor-element elementor-element-ab5ed30 elementor-widget elementor-widget-text-editor\" data-id=\"ab5ed30\" data-element_type=\"widget\" data-widget_type=\"text-editor.default\">\n\t\t\t\t<div class=\"elementor-widget-container\">\n\t\t\t\t\t\t\t\t\t<hr \/><h3>Montacargas y Llantas<\/h3><p>Servicio de Montacargas y Llantas en Quer\u00e9taro.<br \/><strong>2 Direcciones:<\/strong> PRIV, LTE 11, Altos del Cimatario, 76085 Santiago de Quer\u00e9taro, Qro.<br \/><strong>Tel\u00e9fono:<\/strong> (442)167 2583.<br \/><strong>Sitio:<\/strong> https:\/\/www.montacargasyllantas.com\/<br \/><strong>Rese\u00f1a:<\/strong> Productos y servicios que ofrece Montacargas y Llantas,\u00a0Montacargas el\u00e9ctricos, Montacargas de gasolina, Montacargas de gas, Venta, renta y mantenimiento de montacargas, Servicio preventivo, correctivo y servicios mayores para montacargas, Servicio mensual a tus montacargas, Refacciones de montacargas.<br \/><a href=\"https:\/\/goo.gl\/maps\/sLauyiZ7gCgYJ8T16\" target=\"_blank\" rel=\"noopener,nofollow noopener\">Link de Ubicaci\u00f3n en Mapa Google. Clic Mapa.<\/a><\/p><hr \/><h3>Cms Montacargas Y Servicios Industriales<\/h3><p>Servicio de Cms Montacargas Y Servicios Industriales en Quer\u00e9taro.<br \/><strong>2 Direcciones:<\/strong> Regidores 108, Villas del Cimatario, Lomas De Pasteur, 76087 Santiago de Quer\u00e9taro, Qro.<br \/><strong>Tel\u00e9fono:<\/strong> (442)220 8959.<br \/><strong>Sitio:<\/strong> https:\/\/www.cmsmontacargasqro.com\/<br \/><strong>Rese\u00f1a:<\/strong> Productos y servicios que ofrece Cms Montacargas Y Servicios Industriales,\u00a0Montacargas el\u00e9ctricos y de combusti\u00f3n, Aditamento y equipos especiales, Refacciones para montacargas todas las marcas, Mantenimiento preventivo y correctivo, Reconstrucci\u00f3n de montacargas (combusti\u00f3n y el\u00e9ctricos) en general, Reconstrucci\u00f3n y mantenimiento de patines hidr\u00e1ulicos, Reparaci\u00f3n de m\u00f3dulos de control para montacargas.<br \/><a href=\"https:\/\/goo.gl\/maps\/QnZw8bHgUsACrFjNA\" target=\"_blank\" rel=\"noopener,nofollow noopener\">Link de Ubicaci\u00f3n en Mapa Google. Clic Mapa.<\/a><\/p><hr \/><h3>MAC Montacargas<\/h3><p>Servicio de MAC Montacargas en Quer\u00e9taro.<br \/><strong>2 Direcciones:<\/strong> 76120, Acceso III No. 16, Benito Ju\u00e1rez, 76120 Santiago de Quer\u00e9taro, Qro.<br \/><strong>Tel\u00e9fono:<\/strong> (442)220 5840, (442)220 5150.<br \/><strong>Sitio:<\/strong> https:\/\/montacargas-ac.com.mx\/<br \/><strong>Rese\u00f1a:<\/strong> Productos y servicios que ofrece MAC Montacargas,\u00a0Renta de Montacargas, Montacargas en Venta, Refacciones para Montacargas, Mantenimiento de Montacargas, Asesor\u00eda en el dise\u00f1o de almacenes.<br \/><a href=\"https:\/\/goo.gl\/maps\/wmwkEP9LDm7FxPrh8\" target=\"_blank\" rel=\"noopener,nofollow noopener\">Link de Ubicaci\u00f3n en Mapa Google. Clic Mapa.<\/a><\/p><hr \/><h3>IEMMSA Montacargas<\/h3><p>Servicio de IEMMSA Montacargas en Quer\u00e9taro.<br \/><strong>2 Direcciones:<\/strong> Autopista M\u00e9xico-Quer\u00e9taro Km 201.5 Parque Ind. Euro Business Park, Bodega 81, San Isidro, 76246 Qro.<br \/><strong>Tel\u00e9fono:<\/strong> (442)241 6217.<br \/><strong>Sitio:<\/strong> https:\/\/www.iemmsamontacargas.com\/<br \/><strong>Rese\u00f1a:<\/strong> Productos y servicios que ofrece IEMMSA Montacargas,\u00a0Montacargas contrabalanceados, Montacargas Swing-Reach, Montacargas automatizados, Equipos de combusti\u00f3n, Equipos el\u00e9ctricos, Equipos Reach y apiladores, Equipos order picker, Tractores de arrastre, Patines el\u00e9ctricos e hidr\u00e1ulicos, Reach Trucks, Carretillas, Orderpickers, Sideloaders, Tow Tractors, Walkie Stackers.<br \/><a href=\"https:\/\/goo.gl\/maps\/nFLiBwKAQmUnzquY6\" target=\"_blank\" rel=\"noopener,nofollow noopener\">Link de Ubicaci\u00f3n en Mapa Google. Clic Mapa.<\/a><\/p><hr \/><h3>Arrendadora de Montacargas Siitto<\/h3><p>Servicio de Arrendadora de Montacargas Siitto en Quer\u00e9taro.<br \/><strong>2 Direcciones:<\/strong> Av Pe\u00f1uelas 24-Bodega C, Pe\u00f1uelas, 76148 Santiago de Quer\u00e9taro, Qro.<br \/><strong>Tel\u00e9fono:<\/strong> (442)183 3964.<br \/><strong>Sitio:<\/strong> https:\/\/siitto.com\/<br \/><strong>Rese\u00f1a:<\/strong> Productos y servicios que ofrece Arrendadora de Montacargas Siitto,\u00a0Montacargas Crown, Montacargas de combusti\u00f3n STCM, Baterias Deka y Enersys, Aditamentos Cascade y V-King, Mantenimiento Preventivo y Correctivo, Refacciones, Capacitaci\u00f3n, Patines Hidr\u00e1ulicos, Bater\u00edas y Cargadores, Aditamentos.<br \/><a href=\"https:\/\/goo.gl\/maps\/RGiwfeGsz39yTXRY9\" target=\"_blank\" rel=\"noopener,nofollow noopener\">Link de Ubicaci\u00f3n en Mapa Google. Clic Mapa.<\/a><\/p><hr \/><h3>Unimontacargas Del Baj\u00edo<\/h3><p>Servicio de Unimontacargas Del Baj\u00edo en Quer\u00e9taro.<br \/><strong>2 Direcciones:<\/strong> Margaritas 10, Carrillo, 76139 Santiago de Quer\u00e9taro, Qro.<br \/><strong>Tel\u00e9fono:<\/strong> (442)220 4412.<br \/><strong>Sitio:<\/strong> http:\/\/www.unimontacargas.com.mx\/<br \/><strong>Rese\u00f1a:<\/strong> Productos y servicios que ofrece Unimontacargas Del Baj\u00edo, Renta de Montacargas para Renta, tanto el\u00e9ctricos como de combusti\u00f3n en diversas capacidades, Servicio de transporte, Refacciones para motores de las marcas: Continental, Mitsubishi, Toyota, Isuzu, Perkins, Hercules, Nissan, Waukesha, Mazda y Peugeot.<br \/><a href=\"https:\/\/goo.gl\/maps\/ExYsUgp91zDNoP918\" target=\"_blank\" rel=\"noopener,nofollow noopener\">Link de Ubicaci\u00f3n en Mapa Google. Clic Mapa.<\/a><\/p><hr \/><h3>Montacargas AIM<\/h3><p>Servicio de Montacargas AIM en Quer\u00e9taro.<br \/><strong>2 Direcciones:<\/strong> Hilario Carrillo 29, Reforma Agraria, 76086 Santiago de Quer\u00e9taro, Qro.<br \/><strong>Tel\u00e9fono:<\/strong> (442)204 7563.<br \/><strong>Sitio:<\/strong> https:\/\/www.montacargasaim.com\/<br \/><strong>Rese\u00f1a:<\/strong> Productos y servicios que ofrece Montacargas AIM, Venta y Renta de equipos de montacargas industriales desde 1 tonelada hasta 15 toneladas, refacciones, reparaciones y servicio solo local.<br \/><a href=\"https:\/\/goo.gl\/maps\/S6aDw5MJMnvFUWZAA\" target=\"_blank\" rel=\"noopener,nofollow noopener\">Link de Ubicaci\u00f3n en Mapa Google. Clic Mapa.<\/a><\/p><hr \/><h3>Electrogas Montacargas<\/h3><p>Servicio de Electrogas Montacargas en Quer\u00e9taro.<br \/><strong>2 Direcciones:<\/strong> C. 11 224 C, zona dos extendida, Comerciantes, 76087 Santiago de Quer\u00e9taro, Qro.<br \/><strong>Tel\u00e9fono:<\/strong> (442)454 1077, (442)559 6129, (442)127 1462.<br \/><strong>Sitio:<\/strong> https:\/\/www.electrogasmontacargas.com\/<br \/><strong>Rese\u00f1a:<\/strong> Productos y servicios que ofrece Electrogas Montacargas, Reparaci\u00f3n: Aditamentos especiales para montacarga, Bater\u00edas de montacargas, Montacargas, Patines hidr\u00e1ulicos, Sistemas hidr\u00e1ulicos, Venta de montacargas, Refacciones para montacargas, Montacargas: Nissan, Yale, Clark, Crown.<br \/><a href=\"https:\/\/goo.gl\/maps\/15Q9GUKzASivg6CA9\" target=\"_blank\" rel=\"noopener,nofollow noopener\">Link de Ubicaci\u00f3n en Mapa Google. Clic Mapa.<\/a><\/p><hr \/><h3>Montacargas Coimm<\/h3><p>Servicio de Montacargas Coimm en Quer\u00e9taro.<br \/><strong>2 Direcciones:<\/strong> Santiago de Atitl\u00e1n, Lazaro Cardenas III, 76085 Santiago de Quer\u00e9taro, Qro.<br \/><strong>Tel\u00e9fono:<\/strong> (442)721 1239.<br \/><strong>Rese\u00f1a:<\/strong> Productos y servicios que ofrece Montacargas Coimm, Venta y Renta de equipos de montacargas, Retiro en tienda, Compras en tienda, Entrega el mismo d\u00eda.<br \/><a href=\"https:\/\/goo.gl\/maps\/gs19m6fHEdVwGJD76\" target=\"_blank\" rel=\"noopener,nofollow noopener\">Link de Ubicaci\u00f3n en Mapa Google. Clic Mapa.<\/a><\/p><hr \/><h3>Premocasa Montacargas<\/h3><p>Servicio de Premocasa Montacargas en Quer\u00e9taro.<br \/><strong>2 Direcciones:<\/strong> Sierra del Sur 6, La Sierrita, 76137 Santiago de Quer\u00e9taro, Qro.<br \/><strong>Tel\u00e9fono:<\/strong> (442)215 7802.<br \/><strong>Sitio:<\/strong> https:\/\/www.premocasamontacargas.com.mx\/<br \/><strong>Rese\u00f1a:<\/strong> Productos y servicios que ofrece Premocasa Montacargas, Renta Montacargas, Venta de Montacargas, Marcas: CATERPILLAR, TOYOTA, HYSTER, CLARK, YALE. Asistencia T\u00e9cnica.<br \/><a href=\"https:\/\/goo.gl\/maps\/3DHc3yur4iQ4Wivt8\" target=\"_blank\" rel=\"noopener,nofollow noopener\">Link de Ubicaci\u00f3n en Mapa Google. Clic Mapa.<\/a><\/p><hr \/>\t\t\t\t\t\t\t\t<\/div>\n\t\t\t\t<\/div>\n\t\t\t\t\t<\/div>\n\t\t\t\t<\/div>\n\t\t<div class=\"elementor-element elementor-element-e875664 e-flex e-con-boxed e-con e-parent\" data-id=\"e875664\" data-element_type=\"container\">\n\t\t\t\t\t<div class=\"e-con-inner\">\n\t\t\t\t<div class=\"elementor-element elementor-element-b74fdc7 elementor-widget elementor-widget-heading\" data-id=\"b74fdc7\" data-element_type=\"widget\" data-widget_type=\"heading.default\">\n\t\t\t\t<div class=\"elementor-widget-container\">\n\t\t\t\t\t<h2 class=\"elementor-heading-title elementor-size-default\">Servicios de Montacargas Mapa<\/h2>\t\t\t\t<\/div>\n\t\t\t\t<\/div>\n\t\t\t\t<div class=\"elementor-element elementor-element-296aa2e elementor-widget elementor-widget-text-editor\" data-id=\"296aa2e\" data-element_type=\"widget\" data-widget_type=\"text-editor.default\">\n\t\t\t\t<div class=\"elementor-widget-container\">\n\t\t\t\t\t\t\t\t\t<p>Los servicios que encontrara son la venta, renta y mantenimiento de montacargas, servicio preventivo, correctivo y servicios mayores para montacargas de gasolina, Montacargas de gas y Montacargas el\u00e9ctricos, vehiculos de todas las marcas. Ademas podras encontrar vehiculos como Montacargas contrabalanceados, Montacargas Swing-Reach, Montacargas automatizados, Equipos de combusti\u00f3n, Equipos el\u00e9ctricos, Equipos Reach y apiladores, Equipos order picker, Tractores de arrastre, Patines el\u00e9ctricos e hidr\u00e1ulicos, Reach Trucks, Carretillas, Orderpickers, Sideloaders, Tow Tractors, Walkie Stackers, seleccione a su proveedor ideal.<\/p>\t\t\t\t\t\t\t\t<\/div>\n\t\t\t\t<\/div>\n\t\t\t\t\t<\/div>\n\t\t\t\t<\/div>\n\t\t<div class=\"elementor-element elementor-element-23c7777 e-flex e-con-boxed e-con e-parent\" data-id=\"23c7777\" data-element_type=\"container\">\n\t\t\t\t\t<div class=\"e-con-inner\">\n\t\t\t\t<div class=\"elementor-element elementor-element-13ac550 elementor-widget elementor-widget-text-editor\" data-id=\"13ac550\" data-element_type=\"widget\" data-widget_type=\"text-editor.default\">\n\t\t\t\t<div class=\"elementor-widget-container\">\n\t\t\t\t\t\t\t\t\t<iframe style=\"border: 0;\" src=\"https:\/\/www.google.com\/maps\/embed?pb=!1m12!1m8!1m3!1d84496.48803717432!2d-100.41227786212349!3d20.618563125415488!3m2!1i1024!2i768!4f13.1!2m1!1sMontacargas!5e0!3m2!1ses-419!2smx!4v1663089036971!5m2!1ses-419!2smx\" width=\"100%\" height=\"450\" frameborder=\"0\" allowfullscreen=\"allowfullscreen\"><\/iframe>\t\t\t\t\t\t\t\t<\/div>\n\t\t\t\t<\/div>\n\t\t\t\t\t<\/div>\n\t\t\t\t<\/div>\n\t\t<div class=\"elementor-element elementor-element-12f7982 e-flex e-con-boxed e-con e-parent\" data-id=\"12f7982\" data-element_type=\"container\">\n\t\t\t\t\t<div class=\"e-con-inner\">\n\t\t<div class=\"elementor-element elementor-element-e3ec698 e-con-full e-flex e-con e-child\" data-id=\"e3ec698\" data-element_type=\"container\">\n\t\t\t\t<div class=\"elementor-element elementor-element-dd424e5 elementor-widget elementor-widget-image\" data-id=\"dd424e5\" data-element_type=\"widget\" data-widget_type=\"image.default\">\n\t\t\t\t<div class=\"elementor-widget-container\">\n\t\t\t\t\t\t\t\t\t\t\t\t\t\t\t\t<a href=\"https:\/\/mkdigital10.com\/plan-full-empresarial\/\">\n\t\t\t\t\t\t\t<img fetchpriority=\"high\" decoding=\"async\" width=\"750\" height=\"750\" src=\"https:\/\/queretaro10.com\/directorios\/wp-content\/uploads\/2024\/06\/qro10-4-2024-PLAN-FULL-EMPRESARIAL-min.png\" class=\"attachment-full size-full wp-image-809\" alt=\"Plan Full MARKETING EMPRESARIAL\" srcset=\"https:\/\/queretaro10.com\/directorios\/wp-content\/uploads\/2024\/06\/qro10-4-2024-PLAN-FULL-EMPRESARIAL-min.png 750w, https:\/\/queretaro10.com\/directorios\/wp-content\/uploads\/2024\/06\/qro10-4-2024-PLAN-FULL-EMPRESARIAL-min-300x300.png 300w, https:\/\/queretaro10.com\/directorios\/wp-content\/uploads\/2024\/06\/qro10-4-2024-PLAN-FULL-EMPRESARIAL-min-150x150.png 150w\" sizes=\"(max-width: 750px) 100vw, 750px\" \/>\t\t\t\t\t\t\t\t<\/a>\n\t\t\t\t\t\t\t\t\t\t\t\t\t\t\t<\/div>\n\t\t\t\t<\/div>\n\t\t\t\t<\/div>\n\t\t<div class=\"elementor-element elementor-element-9470295 e-con-full e-flex e-con e-child\" data-id=\"9470295\" data-element_type=\"container\">\n\t\t\t\t<div class=\"elementor-element elementor-element-7293fc7 elementor-widget elementor-widget-image\" data-id=\"7293fc7\" data-element_type=\"widget\" data-widget_type=\"image.default\">\n\t\t\t\t<div class=\"elementor-widget-container\">\n\t\t\t\t\t\t\t\t\t\t\t\t\t\t\t\t<a href=\"https:\/\/queretaro10.com\/qro\/marketing\/\">\n\t\t\t\t\t\t\t<img decoding=\"async\" width=\"750\" height=\"750\" src=\"https:\/\/queretaro10.com\/directorios\/wp-content\/uploads\/2024\/06\/qro10-Plan-MK-Digital-PyMe-Local-cuadro-4-min.png\" class=\"attachment-full size-full wp-image-810\" alt=\"PLAN FULL MARKETING DIGITAL PyMe Local\" srcset=\"https:\/\/queretaro10.com\/directorios\/wp-content\/uploads\/2024\/06\/qro10-Plan-MK-Digital-PyMe-Local-cuadro-4-min.png 750w, https:\/\/queretaro10.com\/directorios\/wp-content\/uploads\/2024\/06\/qro10-Plan-MK-Digital-PyMe-Local-cuadro-4-min-300x300.png 300w, https:\/\/queretaro10.com\/directorios\/wp-content\/uploads\/2024\/06\/qro10-Plan-MK-Digital-PyMe-Local-cuadro-4-min-150x150.png 150w\" sizes=\"(max-width: 750px) 100vw, 750px\" \/>\t\t\t\t\t\t\t\t<\/a>\n\t\t\t\t\t\t\t\t\t\t\t\t\t\t\t<\/div>\n\t\t\t\t<\/div>\n\t\t\t\t<\/div>\n\t\t<div class=\"elementor-element elementor-element-e530240 e-con-full e-flex e-con e-child\" data-id=\"e530240\" data-element_type=\"container\">\n\t\t\t\t<div class=\"elementor-element elementor-element-d0f18c8 elementor-widget elementor-widget-image\" data-id=\"d0f18c8\" data-element_type=\"widget\" data-widget_type=\"image.default\">\n\t\t\t\t<div class=\"elementor-widget-container\">\n\t\t\t\t\t\t\t\t\t\t\t\t\t\t\t\t<a href=\"https:\/\/mkdigital10.com\/sem\/redes-sociales\/\">\n\t\t\t\t\t\t\t<img decoding=\"async\" width=\"750\" height=\"750\" src=\"https:\/\/queretaro10.com\/directorios\/wp-content\/uploads\/2025\/03\/qro10-Plan-Redes-Sociales.png\" class=\"attachment-full size-full wp-image-1199\" alt=\"Plan Redes Sociales\" srcset=\"https:\/\/queretaro10.com\/directorios\/wp-content\/uploads\/2025\/03\/qro10-Plan-Redes-Sociales.png 750w, https:\/\/queretaro10.com\/directorios\/wp-content\/uploads\/2025\/03\/qro10-Plan-Redes-Sociales-300x300.png 300w, https:\/\/queretaro10.com\/directorios\/wp-content\/uploads\/2025\/03\/qro10-Plan-Redes-Sociales-150x150.png 150w\" sizes=\"(max-width: 750px) 100vw, 750px\" \/>\t\t\t\t\t\t\t\t<\/a>\n\t\t\t\t\t\t\t\t\t\t\t\t\t\t\t<\/div>\n\t\t\t\t<\/div>\n\t\t\t\t<\/div>\n\t\t<div class=\"elementor-element elementor-element-c06309e e-con-full e-flex e-con e-child\" data-id=\"c06309e\" data-element_type=\"container\">\n\t\t\t\t<div class=\"elementor-element elementor-element-c7aa8fa elementor-widget elementor-widget-image\" data-id=\"c7aa8fa\" data-element_type=\"widget\" data-widget_type=\"image.default\">\n\t\t\t\t<div class=\"elementor-widget-container\">\n\t\t\t\t\t\t\t\t\t\t\t\t\t\t\t\t<a href=\"https:\/\/mkdigital10.com\/paginas-web\/\">\n\t\t\t\t\t\t\t<img loading=\"lazy\" decoding=\"async\" width=\"750\" height=\"750\" src=\"https:\/\/queretaro10.com\/directorios\/wp-content\/uploads\/2025\/03\/qro10-Plan-Paginas-Web-PyMe-Empresarial.png\" class=\"attachment-full size-full wp-image-1200\" alt=\"Plan P\u00e1ginas Web PyMe Empresarial\" srcset=\"https:\/\/queretaro10.com\/directorios\/wp-content\/uploads\/2025\/03\/qro10-Plan-Paginas-Web-PyMe-Empresarial.png 750w, https:\/\/queretaro10.com\/directorios\/wp-content\/uploads\/2025\/03\/qro10-Plan-Paginas-Web-PyMe-Empresarial-300x300.png 300w, https:\/\/queretaro10.com\/directorios\/wp-content\/uploads\/2025\/03\/qro10-Plan-Paginas-Web-PyMe-Empresarial-150x150.png 150w\" sizes=\"(max-width: 750px) 100vw, 750px\" \/>\t\t\t\t\t\t\t\t<\/a>\n\t\t\t\t\t\t\t\t\t\t\t\t\t\t\t<\/div>\n\t\t\t\t<\/div>\n\t\t\t\t<\/div>\n\t\t\t\t\t<\/div>\n\t\t\t\t<\/div>\n\t\t\t\t<\/div>\n\t\t","protected":false},"excerpt":{"rendered":"<p>Montacargas en Quer\u00e9taro El servicio de Montacargas siempre es necesario, las empresas utilizan estos vehiculos para mover o transportar sus [&hellip;]<\/p>\n","protected":false},"author":1,"featured_media":133,"parent":0,"menu_order":0,"comment_status":"closed","ping_status":"closed","template":"elementor_header_footer","meta":{"site-sidebar-layout":"default","site-content-layout":"","ast-site-content-layout":"default","site-content-style":"default","site-sidebar-style":"default","ast-global-header-display":"","ast-banner-title-visibility":"","ast-main-header-display":"","ast-hfb-above-header-display":"","ast-hfb-below-header-display":"","ast-hfb-mobile-header-display":"","site-post-title":"","ast-breadcrumbs-content":"","ast-featured-img":"","footer-sml-layout":"","theme-transparent-header-meta":"default","adv-header-id-meta":"","stick-header-meta":"","header-above-stick-meta":"","header-main-stick-meta":"","header-below-stick-meta":"","astra-migrate-meta-layouts":"set","ast-page-background-enabled":"default","ast-page-background-meta":{"desktop":{"background-color":"var(--ast-global-color-4)","background-image":"","background-repeat":"repeat","background-position":"center center","background-size":"auto","background-attachment":"scroll","background-type":"","background-media":"","overlay-type":"","overlay-color":"","overlay-opacity":"","overlay-gradient":""},"tablet":{"background-color":"","background-image":"","background-repeat":"repeat","background-position":"center center","background-size":"auto","background-attachment":"scroll","background-type":"","background-media":"","overlay-type":"","overlay-color":"","overlay-opacity":"","overlay-gradient":""},"mobile":{"background-color":"","background-image":"","background-repeat":"repeat","background-position":"center center","background-size":"auto","background-attachment":"scroll","background-type":"","background-media":"","overlay-type":"","overlay-color":"","overlay-opacity":"","overlay-gradient":""}},"ast-content-background-meta":{"desktop":{"background-color":"var(--ast-global-color-5)","background-image":"","background-repeat":"repeat","background-position":"center center","background-size":"auto","background-attachment":"scroll","background-type":"","background-media":"","overlay-type":"","overlay-color":"","overlay-opacity":"","overlay-gradient":""},"tablet":{"background-color":"var(--ast-global-color-5)","background-image":"","background-repeat":"repeat","background-position":"center center","background-size":"auto","background-attachment":"scroll","background-type":"","background-media":"","overlay-type":"","overlay-color":"","overlay-opacity":"","overlay-gradient":""},"mobile":{"background-color":"var(--ast-global-color-5)","background-image":"","background-repeat":"repeat","background-position":"center center","background-size":"auto","background-attachment":"scroll","background-type":"","background-media":"","overlay-type":"","overlay-color":"","overlay-opacity":"","overlay-gradient":""}},"footnotes":""},"class_list":["post-132","page","type-page","status-publish","has-post-thumbnail","hentry"],"aioseo_notices":[],"_links":{"self":[{"href":"https:\/\/queretaro10.com\/directorios\/wp-json\/wp\/v2\/pages\/132","targetHints":{"allow":["GET"]}}],"collection":[{"href":"https:\/\/queretaro10.com\/directorios\/wp-json\/wp\/v2\/pages"}],"about":[{"href":"https:\/\/queretaro10.com\/directorios\/wp-json\/wp\/v2\/types\/page"}],"author":[{"embeddable":true,"href":"https:\/\/queretaro10.com\/directorios\/wp-json\/wp\/v2\/users\/1"}],"replies":[{"embeddable":true,"href":"https:\/\/queretaro10.com\/directorios\/wp-json\/wp\/v2\/comments?post=132"}],"version-history":[{"count":10,"href":"https:\/\/queretaro10.com\/directorios\/wp-json\/wp\/v2\/pages\/132\/revisions"}],"predecessor-version":[{"id":1338,"href":"https:\/\/queretaro10.com\/directorios\/wp-json\/wp\/v2\/pages\/132\/revisions\/1338"}],"wp:featuredmedia":[{"embeddable":true,"href":"https:\/\/queretaro10.com\/directorios\/wp-json\/wp\/v2\/media\/133"}],"wp:attachment":[{"href":"https:\/\/queretaro10.com\/directorios\/wp-json\/wp\/v2\/media?parent=132"}],"curies":[{"name":"wp","href":"https:\/\/api.w.org\/{rel}","templated":true}]}}