{"id":169,"date":"2018-08-07T19:15:47","date_gmt":"2018-08-07T19:15:47","guid":{"rendered":"http:\/\/queretaro10.com\/?page_id=14938"},"modified":"2025-03-31T21:42:24","modified_gmt":"2025-03-31T21:42:24","slug":"vestidos-de-novia","status":"publish","type":"page","link":"https:\/\/queretaro10.com\/directorios\/vestidos-de-novia\/","title":{"rendered":"Vestidos de Novia en Quer\u00e9taro"},"content":{"rendered":"\t\t<div data-elementor-type=\"wp-page\" data-elementor-id=\"169\" class=\"elementor elementor-169\">\n\t\t\t\t<div class=\"elementor-element elementor-element-1a4e441 e-flex e-con-boxed e-con e-parent\" data-id=\"1a4e441\" data-element_type=\"container\">\n\t\t\t\t\t<div class=\"e-con-inner\">\n\t\t\t\t<div class=\"elementor-element elementor-element-de280ec elementor-widget elementor-widget-heading\" data-id=\"de280ec\" data-element_type=\"widget\" data-widget_type=\"heading.default\">\n\t\t\t\t<div class=\"elementor-widget-container\">\n\t\t\t\t\t<h1 class=\"elementor-heading-title elementor-size-default\">Vestidos de Novia en Quer\u00e9taro<\/h1>\t\t\t\t<\/div>\n\t\t\t\t<\/div>\n\t\t\t\t<div class=\"elementor-element elementor-element-9b5bc2b elementor-widget elementor-widget-text-editor\" data-id=\"9b5bc2b\" data-element_type=\"widget\" data-widget_type=\"text-editor.default\">\n\t\t\t\t<div class=\"elementor-widget-container\">\n\t\t\t\t\t\t\t\t\t<p>Aqu\u00ed podr\u00e1 encontrar la direcci\u00f3n y datos de contacto para tiendas de vestidos de novia de su localidad, puede usted contactar a las oficinas aqu\u00ed listadas para sus servicios de vestidos de novia para tus fiestas o eventos, y m\u00e1s en Quer\u00e9taro, ub\u00edque su proveedor para sus vestidos de novia m\u00e1s cercano.<\/p>\t\t\t\t\t\t\t\t<\/div>\n\t\t\t\t<\/div>\n\t\t\t\t\t<\/div>\n\t\t\t\t<\/div>\n\t\t<div class=\"elementor-element elementor-element-11ca503 e-flex e-con-boxed e-con e-parent\" data-id=\"11ca503\" data-element_type=\"container\">\n\t\t\t\t\t<div class=\"e-con-inner\">\n\t\t\t\t<div class=\"elementor-element elementor-element-1289e92 elementor-widget elementor-widget-heading\" data-id=\"1289e92\" data-element_type=\"widget\" data-widget_type=\"heading.default\">\n\t\t\t\t<div class=\"elementor-widget-container\">\n\t\t\t\t\t<h2 class=\"elementor-heading-title elementor-size-default\">Directorio de Vestidos de Novia en Quer\u00e9taro<\/h2>\t\t\t\t<\/div>\n\t\t\t\t<\/div>\n\t\t\t\t\t<\/div>\n\t\t\t\t<\/div>\n\t\t<div class=\"elementor-element elementor-element-226eeeb e-flex e-con-boxed e-con e-parent\" data-id=\"226eeeb\" data-element_type=\"container\">\n\t\t\t\t\t<div class=\"e-con-inner\">\n\t\t<div class=\"elementor-element elementor-element-971643b e-con-full e-flex e-con e-child\" data-id=\"971643b\" data-element_type=\"container\">\n\t\t\t\t<div class=\"elementor-element elementor-element-682a29b elementor-widget elementor-widget-text-editor\" data-id=\"682a29b\" data-element_type=\"widget\" data-widget_type=\"text-editor.default\">\n\t\t\t\t<div class=\"elementor-widget-container\">\n\t\t\t\t\t\t\t\t\t<h3>Renta de Vestidos<\/h3><p><strong>Direcci\u00f3n:<\/strong>\u00a0Prol. Corregidora Nte. #338, Alamos 3ra Secc, C.P. 76160 Santiago de Quer\u00e9taro, Qro.<br \/><strong>Tel\u00e9fono:<\/strong>\u00a0(442) 239 1174<br \/><strong>Link:\u00a0<\/strong><a href=\"https:\/\/rentadressqueretaro.business.site\/\" target=\"_blank\" rel=\"nofollow noopener\">https:\/\/rentadressqueretaro.business.site\/<\/a><\/p><h3>Novias Evelia<\/h3><p><strong>Direcci\u00f3n:<\/strong>\u00a0Calle Corregidora #46 Sur, Centro, C.P. 76000 Santiago de Quer\u00e9taro, Qro.<br \/><strong>Tel\u00e9fono:<\/strong>\u00a0(442)-212 2670<\/p><h3>Novias Lorena<\/h3><p><strong>Direcci\u00f3n:<\/strong>\u00a0Calle 16 de Septiembre 21 y 23 Pte., Centro, C.P. 76000 Santiago de Quer\u00e9taro, Qro.<br \/><strong>Tel\u00e9fono:<\/strong>\u00a0(442) 212 2594<br \/><strong>Link:\u00a0<\/strong><a href=\"https:\/\/www.facebook.com\/noviaslorenamaravatio\/\" target=\"_blank\" rel=\"nofollow noopener\">https:\/\/www.facebook.com\/<\/a><\/p><h3>Carlos del toral<\/h3><p><strong>Direcci\u00f3n:<\/strong>\u00a0Calle R\u00edo Guadalquivir #3, San Javier, C.P. 76020 Santiago de Quer\u00e9taro, Qro.<br \/><strong>Tel\u00e9fono:<\/strong>\u00a0(442) 141 4687<br \/><strong>Link:\u00a0<\/strong><a href=\"https:\/\/www.facebook.com\/carlosdeltoral.disenador\/\" target=\"_blank\" rel=\"nofollow noopener\">https:\/\/www.facebook.com\/<\/a><\/p><h3>Imagen Novias<\/h3><p><strong>Direcci\u00f3n:<\/strong>\u00a0Prolongaci\u00f3n Javier Mina #9, Centro, C.P. 76800 San Juan del R\u00edo, Qro.<br \/><strong>Tel\u00e9fono:<\/strong>\u00a0(427) 274 6065<br \/><strong>Link:\u00a0<\/strong><a href=\"https:\/\/san-juan-del-rio-queretaro.guialis.com.mx\/datos\/imagen-novias\/6255815\" target=\"_blank\" rel=\"nofollow noopener\">https:\/\/san-juan-del-rio-queretaro.guialis.com.mx\/<\/a><\/p><h3>Tega Ceremonia<\/h3><p><strong>Direcci\u00f3n:<\/strong>\u00a0Blvd. Bernardo Quintana #38, Pathe, C.P. 76160 Santiago de Quer\u00e9taro, Qro.<br \/><strong>Tel\u00e9fono:<\/strong>\u00a0(442)-246 3501<br \/><strong>Sitio Web:<\/strong>\u00a0<a href=\"http:\/\/www.tegaceremonia.com.mx\/\">www.tegaceremonia.com<\/a><\/p><h3>Rosa Clar\u00e1<\/h3><p><strong>Direcci\u00f3n:<\/strong>\u00a0San Luis Potos\u00ed \u2013 Santiago de Quer\u00e9taro 12401, Parque Industrial Jurica, 76127 Santiago de Quer\u00e9taro, Qro.<br \/><strong>Tel\u00e9fono:<\/strong>\u00a0(442) 384 3000<br \/><strong>Link:\u00a0<\/strong><a href=\"https:\/\/www.rosaclara.es\/\" target=\"_blank\" rel=\"nofollow noopener\">https:\/\/www.rosaclara.es\/<\/a><\/p><h3>Fianc\u00e9e<\/h3><p><strong>Direcci\u00f3n:<\/strong>\u00a0Carlos Septi\u00e9n G. #59, Cimatario, C.P. 76030 Santiago de Quer\u00e9taro, Qro.<br \/><strong>Tel\u00e9fono:<\/strong>\u00a0(442) 212 5702<br \/><strong>Link:\u00a0<\/strong><a href=\"https:\/\/fianceebodas.com\/\" target=\"_blank\" rel=\"nofollow noopener\">https:\/\/fianceebodas.com\/<\/a><\/p><h3>\u00c9rase Una Vez<\/h3><p><strong>Direcci\u00f3n:<\/strong>\u00a0Constituyentes, #34 C.P. 76040 Quer\u00e9taro, Quer\u00e9taro.<\/p><h3>Novias Miranda<\/h3><p><strong>Direcci\u00f3n:<\/strong>\u00a05 de Mayo #23, Centro, C.P. 76800 San Juan del R\u00edo, Qro.<br \/><strong>Tel\u00e9fono:<\/strong>\u00a0(427)-272 9076<\/p><h3>Essence<\/h3><p><strong>Direcci\u00f3n:<\/strong>\u00a0Blvrd. Bernardo Quintana #20 Col. Calesa C.P. 44160 Quer\u00e9taro, Quer\u00e9taro.<\/p><h3>Novias D\u2019sofi<\/h3><p><strong>Direcci\u00f3n:<\/strong>\u00a020 de Noviembre #123 A, Centro, C.P. 76800 San Juan del R\u00edo, Qro.<\/p>\t\t\t\t\t\t\t\t<\/div>\n\t\t\t\t<\/div>\n\t\t\t\t<\/div>\n\t\t<div class=\"elementor-element elementor-element-4911a16 e-con-full e-flex e-con e-child\" data-id=\"4911a16\" data-element_type=\"container\">\n\t\t\t\t<div class=\"elementor-element elementor-element-57b9d0e elementor-widget elementor-widget-text-editor\" data-id=\"57b9d0e\" data-element_type=\"widget\" data-widget_type=\"text-editor.default\">\n\t\t\t\t<div class=\"elementor-widget-container\">\n\t\t\t\t\t\t\t\t\t<h3>Clich\u00e9 Novias<\/h3><p><strong>Direcci\u00f3n:<\/strong>\u00a0Bernardo Quintana #7001 \u00abPlaza Q7001\u00bb, Centro Sur, C.P. 76090 Santiago de Quer\u00e9taro, Qro.<br \/><strong>Tel\u00e9fono:<\/strong>\u00a0(442) 229 3077<br \/><strong>Sitio Web:\u00a0<\/strong><a href=\"https:\/\/www.facebook.com\/ClicheNovias\/\" target=\"_blank\" rel=\"nofollow noopener\">https:\/\/www.facebook.com\/<\/a><\/p><h3>M\u00eda Novias<\/h3><p><strong>Direcci\u00f3n:<\/strong>\u00a0Calle 16 de Septiembre 19, Centro, 76000 Santiago de Quer\u00e9taro, Qro.<br \/><strong>Tel\u00e9fono:<\/strong>\u00a0(442)-224 4048<\/p><h3>Romanzza Novias<\/h3><p><strong>Direcci\u00f3n:<\/strong>\u00a076113, Acceso a Comercial Mexicana del Sol 5, El Sol, Santiago de Quer\u00e9taro, Qro.<br \/><strong>Tel\u00e9fono:<\/strong>\u00a0(442) 220 3819<br \/><strong>Link:\u00a0<\/strong><a href=\"https:\/\/www.facebook.com\/RomanzzaNovia\/\" target=\"_blank\" rel=\"nofollow noopener\">https:\/\/www.facebook.com\/<\/a><\/p><h3>Wedding Room<\/h3><p><strong>Direcci\u00f3n:<\/strong>\u00a0Blvrd Hacienda del Jacal 411, Jardines de la Hacienda, 76180 Santiago de Quer\u00e9taro, Qro.<br \/><strong>Tel\u00e9fono:<\/strong>\u00a0(442) 594 4327<br \/><strong>Sitio Web:\u00a0<\/strong><a href=\"http:\/\/weddingroom.com.mx\/\" target=\"_blank\" rel=\"nofollow noopener\">http:\/\/weddingroom.com.mx\/<\/a><\/p><h3>Essence<\/h3><p><strong>Direcci\u00f3n:<\/strong>\u00a0Madero #40, Centro, C.P. 76000 Santiago de Quer\u00e9taro, Qro.<br \/><strong>Tel\u00e9fono:<\/strong>\u00a0(442) 246 3535<br \/><strong>Link:\u00a0<\/strong><a href=\"https:\/\/www.almadeagua.mx\/\" target=\"_blank\" rel=\"nofollow noopener\">https:\/\/www.almadeagua.mx\/<\/a><\/p><h3>Enlace Nupcial<\/h3><p><strong>Direcci\u00f3n:<\/strong>\u00a0Ignacio Zaragoza #79, Centro, C.P. 76000 Santiago de Quer\u00e9taro, Qro.<br \/><strong>Tel\u00e9fono:<\/strong>\u00a0(442) 214 0879<br \/><strong>Link:\u00a0<\/strong><a href=\"https:\/\/www.facebook.com\/Enlacenupcial\" target=\"_blank\" rel=\"nofollow noopener\">https:\/\/www.facebook.com\/<\/a><\/p><h3>Ver\u00f3nica Mart\u00edn<\/h3><p><strong>Direcci\u00f3n:<\/strong>\u00a0Av. Lic. Benito Ju\u00e1rez Pte. #52, Centro, C.P. 76800 San Juan del R\u00edo, Qro.<\/p><h3>Bazar de vestidos<\/h3><p><strong>Direcci\u00f3n:<\/strong>\u00a0Calle Luis M. Vega, Cimatario, C.P. 76030 Santiago de Quer\u00e9taro, Qro.<br \/><strong>Tel\u00e9fono:<\/strong>\u00a0(442) 214 9133<br \/><strong>Link:\u00a0<\/strong><a href=\"https:\/\/www.facebook.com\/Bazar-De-Vestidos-De-Novia-Celaya-y-Queretaro-645132662173483\/\" target=\"_blank\" rel=\"nofollow noopener\">https:\/\/www.facebook.com\/<\/a><\/p><h3>Carmen Collection<\/h3><p><strong>Direcci\u00f3n:<\/strong>\u00a0Paseo del Baj\u00edo #100 Col. Jardines 1ra Secci\u00f3n. Celaya 76021 Quer\u00e9taro, Quer\u00e9taro.<\/p><h3>Los \u00c1ngeles<\/h3><p><strong>Direcci\u00f3n:<\/strong>\u00a0Calle Vicente Guerrero #32, C.P. 76800 San Juan del R\u00edo, Qro.<br \/><strong>Tel\u00e9fono:<\/strong>\u00a0(427)-272 2480<\/p><h3>Lupitas Novias<\/h3><p><strong>Direcci\u00f3n:<\/strong>\u00a0Calle Ignacio Allende 41, Centro, 76000 Santiago de Quer\u00e9taro, Qro.<br \/><strong>Tel\u00e9fono:<\/strong>\u00a0(442)-152 0317<\/p><h3>Queen Store<\/h3><p><strong>Direcci\u00f3n:<\/strong>\u00a0Estados Unidos #185, Plaza de las Am\u00e9ricas, C.P. 76048 Santiago de Quer\u00e9taro, Qro.<br \/><strong>Tel\u00e9fono:<\/strong>\u00a0(442) 248 3432<br \/><strong>Link:\u00a0<\/strong><a href=\"https:\/\/tocados-de-novia-queen-store.business.site\/\" target=\"_blank\" rel=\"nofollow noopener\">https:\/\/tocados-de-novia-queen-store.business.site\/<\/a><\/p>\t\t\t\t\t\t\t\t<\/div>\n\t\t\t\t<\/div>\n\t\t\t\t<\/div>\n\t\t<div class=\"elementor-element elementor-element-4de708a e-con-full e-flex e-con e-child\" data-id=\"4de708a\" data-element_type=\"container\">\n\t\t\t\t<div class=\"elementor-element elementor-element-b3e2175 elementor-widget elementor-widget-text-editor\" data-id=\"b3e2175\" data-element_type=\"widget\" data-widget_type=\"text-editor.default\">\n\t\t\t\t<div class=\"elementor-widget-container\">\n\t\t\t\t\t\t\t\t\t<h3>Eleganzza Sposa<\/h3><p><strong>Direcci\u00f3n:<\/strong>\u00a0Blvd. Bernardo Quintana #27 B, Col. Path\u00e9 Quer\u00e9taro, Quer\u00e9taro.<br \/><strong>Tel\u00e9fono:<\/strong>\u00a0(442) 248 4490<br \/><strong>Link:\u00a0<\/strong><a href=\"http:\/\/www.eleganzzasposa.com\/\" target=\"_blank\" rel=\"nofollow noopener\">http:\/\/www.eleganzzasposa.com\/<\/a><\/p><h3>Brides &amp; Co<\/h3><p><strong>Direcci\u00f3n:<\/strong>\u00a0Blvd. Bernardo Quintana 530, Arboledas, 76150 Santiago de Quer\u00e9taro, Qro.<br \/><strong>Tel\u00e9fono:<\/strong>\u00a0(442) 312 2322<br \/><strong>Link:\u00a0<\/strong><a href=\"http:\/\/noviasco.ceremoniasmexico.com\/\" target=\"_blank\" rel=\"nofollow noopener\">http:\/\/noviasco.ceremoniasmexico.com\/<\/a><\/p><h3>Outlet Novias<\/h3><p><strong>Direcci\u00f3n:<\/strong>\u00a0Venezuela #1A, Plaza de las Am\u00e9ricas, C.P. 76050 Santiago de Quer\u00e9taro, Qro.<br \/><strong>Tel\u00e9fono:<\/strong>\u00a0(442) 253 7788<br \/><strong>Sitio Web:\u00a0<\/strong><a href=\"http:\/\/outletnovias.com.mx\/\" target=\"_blank\" rel=\"nofollow noopener\">http:\/\/outletnovias.com.mx\/<\/a><\/p><h3>Vestida de Novia<\/h3><p><strong>Direcci\u00f3n:<\/strong>\u00a0Boulevard Bernardo Quintana 4 Local 1, Calesa Primer Seccion, 76020 Santiago de Quer\u00e9taro, Qro.<br \/><strong>Tel\u00e9fono:<\/strong>\u00a0(442) 248 1123<br \/><strong>Link:\u00a0<\/strong><a href=\"http:\/\/vestidadenovia.com.mx\/\" target=\"_blank\" rel=\"nofollow noopener\">http:\/\/vestidadenovia.com.mx\/<\/a><\/p><h3>Novias Patricia<\/h3><p><strong>Direcci\u00f3n:<\/strong>\u00a0Calle 16 de Septiembre #39, Centro, C.P. 76000 Santiago de Quer\u00e9taro, Qro.<br \/><strong>Link:\u00a0<\/strong><a href=\"https:\/\/www.facebook.com\/confeccionesnovias.patricia\" target=\"_blank\" rel=\"nofollow noopener\">https:\/\/www.facebook.com\/<\/a><\/p><h3>Boda y Estilo<\/h3><p><strong>Direcci\u00f3n:<\/strong>\u00a0Boulevard Bernardo Quintana #4, Colonia Calesa, C.P. 76020 Santiago de Quer\u00e9taro, Qro.<br \/><strong>Tel\u00e9fono:<\/strong>\u00a0(442) 501 6590<br \/><strong>Link:\u00a0<\/strong><a href=\"https:\/\/www.facebook.com\/bodayestiloqueretaro\/\" target=\"_blank\" rel=\"nofollow noopener\">https:\/\/www.facebook.com\/<\/a><\/p><h3>Ananda<\/h3><p><strong>Direcci\u00f3n:<\/strong>\u00a0Juan Caballero y Osio #256 Local 1, Jardines de Quer\u00e9taro, 76020 Santiago de Quer\u00e9taro, Qro.<br \/><strong>Tel\u00e9fono:<\/strong>\u00a0(442) 223 3433<br \/><strong>Link:\u00a0<\/strong><a href=\"https:\/\/www.facebook.com\/ananda.qro\/\" target=\"_blank\" rel=\"nofollow noopener\">https:\/\/www.facebook.com\/<\/a><\/p><h3>Ayla Vanegas Couturier<\/h3><p><strong>Direcci\u00f3n:<\/strong>\u00a0Avenida Candiles #307, Plaza Real Candiles C.P. 76903 Quer\u00e9taro, Quer\u00e9taro.<\/p><h3>Sweet Angels<\/h3><p><strong>Direcci\u00f3n:<\/strong>\u00a0Interior 5 en planta alta, Blvd. Bernardo Quintana 27A, Pathe, 76020 Santiago de Quer\u00e9taro, Qro.<br \/><strong>Tel\u00e9fono:<\/strong>\u00a0(442) 213 4558<br \/><strong>Link:\u00a0<\/strong><a href=\"https:\/\/www.facebook.com\/Sweet-Angels-144631512220512\/\" target=\"_blank\" rel=\"nofollow noopener\">https:\/\/www.facebook.com\/<\/a><\/p><h3>Plaza Mina<\/h3><p><strong>Direcci\u00f3n:<\/strong>\u00a0Prolongaci\u00f3n Javier Mina #6, Centro, C.P. 76800 San Juan del R\u00edo, Qro.<br \/><strong>Tel\u00e9fono:<\/strong>\u00a0(427)-274 6640<\/p><h3>Giorno Speciale<\/h3><p><strong>Direcci\u00f3n:<\/strong> Plaza las Am\u00e9ricas, Av. M\u00e9xico No. 73, Col. Carretas C.P. 76050 Quer\u00e9taro, Quer\u00e9taro.<\/p><h3>Vestida de Novia<\/h3><p><strong>Direcci\u00f3n:<\/strong>\u00a0Blvd. Bernardo Quintana #4 int 1, Colonia Calesa 1ra Secci\u00f3n 76020 Quer\u00e9taro, Quer\u00e9taro.<\/p>\t\t\t\t\t\t\t\t<\/div>\n\t\t\t\t<\/div>\n\t\t\t\t<\/div>\n\t\t\t\t\t<\/div>\n\t\t\t\t<\/div>\n\t\t<div class=\"elementor-element elementor-element-79e5107 e-flex e-con-boxed e-con e-parent\" data-id=\"79e5107\" data-element_type=\"container\">\n\t\t\t\t\t<div class=\"e-con-inner\">\n\t\t\t\t<div class=\"elementor-element elementor-element-9f720e2 elementor-widget elementor-widget-heading\" data-id=\"9f720e2\" data-element_type=\"widget\" data-widget_type=\"heading.default\">\n\t\t\t\t<div class=\"elementor-widget-container\">\n\t\t\t\t\t<h2 class=\"elementor-heading-title elementor-size-default\">Servicios de Vestidos de Novia<\/h2>\t\t\t\t<\/div>\n\t\t\t\t<\/div>\n\t\t\t\t<div class=\"elementor-element elementor-element-259c038 elementor-widget elementor-widget-text-editor\" data-id=\"259c038\" data-element_type=\"widget\" data-widget_type=\"text-editor.default\">\n\t\t\t\t<div class=\"elementor-widget-container\">\n\t\t\t\t\t\t\t\t\t<p>Mencionando mas servicios Vestidos de novia Bohemios, Vestidos de novia Boho, Vestidos de novia para playa, estido de novia princesa, Vestido de novia espalda escotada, Vestido de novia manga larga, Vestidos de novia sirena, Vestido de novia con detalles en espalda, Vestido de novia sencillo, Vestidos de novia con tirantes, Vestido de novia Linea A, Vestidos de novia en Quer\u00e9taro, Damas de Honor en Turquesa, Damas en Ivory, Damas de Honor en Morado, Damas de Honor en Vino (Marsala), Damas de Honor en Azul Rey, Damas de Honor en Malva (Morado Y Gris), Damas de Honor en Lila, Damas de Honor en Azul Marino, Damas de Honor Tono Serenity, Damas de Honor Coral, Damas de Honor en Fucsia, Damas de Honor en Menta, Damas en Verde Bandera, Damas de Honor en Palo de Rosa, Ramos, Zapatos, Tocados, Mantillas.<\/p>\t\t\t\t\t\t\t\t<\/div>\n\t\t\t\t<\/div>\n\t\t\t\t\t<\/div>\n\t\t\t\t<\/div>\n\t\t<div class=\"elementor-element elementor-element-e91bc5e e-flex e-con-boxed e-con e-parent\" data-id=\"e91bc5e\" data-element_type=\"container\">\n\t\t\t\t\t<div class=\"e-con-inner\">\n\t\t<div class=\"elementor-element elementor-element-721fac4 e-con-full e-flex e-con e-child\" data-id=\"721fac4\" data-element_type=\"container\">\n\t\t\t\t<div class=\"elementor-element elementor-element-825bec3 elementor-widget elementor-widget-image\" data-id=\"825bec3\" data-element_type=\"widget\" data-widget_type=\"image.default\">\n\t\t\t\t<div class=\"elementor-widget-container\">\n\t\t\t\t\t\t\t\t\t\t\t\t\t\t\t\t<a href=\"https:\/\/mkdigital10.com\/plan-full-empresarial\/\">\n\t\t\t\t\t\t\t<img fetchpriority=\"high\" decoding=\"async\" width=\"750\" height=\"750\" src=\"https:\/\/queretaro10.com\/directorios\/wp-content\/uploads\/2024\/06\/qro10-4-2024-PLAN-FULL-EMPRESARIAL-min.png\" class=\"attachment-full size-full wp-image-809\" alt=\"Plan Full MARKETING EMPRESARIAL\" srcset=\"https:\/\/queretaro10.com\/directorios\/wp-content\/uploads\/2024\/06\/qro10-4-2024-PLAN-FULL-EMPRESARIAL-min.png 750w, https:\/\/queretaro10.com\/directorios\/wp-content\/uploads\/2024\/06\/qro10-4-2024-PLAN-FULL-EMPRESARIAL-min-300x300.png 300w, https:\/\/queretaro10.com\/directorios\/wp-content\/uploads\/2024\/06\/qro10-4-2024-PLAN-FULL-EMPRESARIAL-min-150x150.png 150w\" sizes=\"(max-width: 750px) 100vw, 750px\" \/>\t\t\t\t\t\t\t\t<\/a>\n\t\t\t\t\t\t\t\t\t\t\t\t\t\t\t<\/div>\n\t\t\t\t<\/div>\n\t\t\t\t<\/div>\n\t\t<div class=\"elementor-element elementor-element-4ab7877 e-con-full e-flex e-con e-child\" data-id=\"4ab7877\" data-element_type=\"container\">\n\t\t\t\t<div class=\"elementor-element elementor-element-d4f9003 elementor-widget elementor-widget-image\" data-id=\"d4f9003\" data-element_type=\"widget\" data-widget_type=\"image.default\">\n\t\t\t\t<div class=\"elementor-widget-container\">\n\t\t\t\t\t\t\t\t\t\t\t\t\t\t\t\t<a href=\"https:\/\/queretaro10.com\/qro\/marketing\/\">\n\t\t\t\t\t\t\t<img decoding=\"async\" width=\"750\" height=\"750\" src=\"https:\/\/queretaro10.com\/directorios\/wp-content\/uploads\/2024\/06\/qro10-Plan-MK-Digital-PyMe-Local-cuadro-4-min.png\" class=\"attachment-full size-full wp-image-810\" alt=\"PLAN FULL MARKETING DIGITAL PyMe Local\" srcset=\"https:\/\/queretaro10.com\/directorios\/wp-content\/uploads\/2024\/06\/qro10-Plan-MK-Digital-PyMe-Local-cuadro-4-min.png 750w, https:\/\/queretaro10.com\/directorios\/wp-content\/uploads\/2024\/06\/qro10-Plan-MK-Digital-PyMe-Local-cuadro-4-min-300x300.png 300w, https:\/\/queretaro10.com\/directorios\/wp-content\/uploads\/2024\/06\/qro10-Plan-MK-Digital-PyMe-Local-cuadro-4-min-150x150.png 150w\" sizes=\"(max-width: 750px) 100vw, 750px\" \/>\t\t\t\t\t\t\t\t<\/a>\n\t\t\t\t\t\t\t\t\t\t\t\t\t\t\t<\/div>\n\t\t\t\t<\/div>\n\t\t\t\t<\/div>\n\t\t<div class=\"elementor-element elementor-element-4ba08fa e-con-full e-flex e-con e-child\" data-id=\"4ba08fa\" data-element_type=\"container\">\n\t\t\t\t<div class=\"elementor-element elementor-element-bb06524 elementor-widget elementor-widget-image\" data-id=\"bb06524\" data-element_type=\"widget\" data-widget_type=\"image.default\">\n\t\t\t\t<div class=\"elementor-widget-container\">\n\t\t\t\t\t\t\t\t\t\t\t\t\t\t\t\t<a href=\"https:\/\/mkdigital10.com\/sem\/redes-sociales\/\">\n\t\t\t\t\t\t\t<img decoding=\"async\" width=\"750\" height=\"750\" src=\"https:\/\/queretaro10.com\/directorios\/wp-content\/uploads\/2025\/03\/qro10-Plan-Redes-Sociales.png\" class=\"attachment-full size-full wp-image-1199\" alt=\"Plan Redes Sociales\" srcset=\"https:\/\/queretaro10.com\/directorios\/wp-content\/uploads\/2025\/03\/qro10-Plan-Redes-Sociales.png 750w, https:\/\/queretaro10.com\/directorios\/wp-content\/uploads\/2025\/03\/qro10-Plan-Redes-Sociales-300x300.png 300w, https:\/\/queretaro10.com\/directorios\/wp-content\/uploads\/2025\/03\/qro10-Plan-Redes-Sociales-150x150.png 150w\" sizes=\"(max-width: 750px) 100vw, 750px\" \/>\t\t\t\t\t\t\t\t<\/a>\n\t\t\t\t\t\t\t\t\t\t\t\t\t\t\t<\/div>\n\t\t\t\t<\/div>\n\t\t\t\t<\/div>\n\t\t<div class=\"elementor-element elementor-element-0dce1df e-con-full e-flex e-con e-child\" data-id=\"0dce1df\" data-element_type=\"container\">\n\t\t\t\t<div class=\"elementor-element elementor-element-a1a9c82 elementor-widget elementor-widget-image\" data-id=\"a1a9c82\" data-element_type=\"widget\" data-widget_type=\"image.default\">\n\t\t\t\t<div class=\"elementor-widget-container\">\n\t\t\t\t\t\t\t\t\t\t\t\t\t\t\t\t<a href=\"https:\/\/mkdigital10.com\/paginas-web\/\">\n\t\t\t\t\t\t\t<img loading=\"lazy\" decoding=\"async\" width=\"750\" height=\"750\" src=\"https:\/\/queretaro10.com\/directorios\/wp-content\/uploads\/2025\/03\/qro10-Plan-Paginas-Web-PyMe-Empresarial.png\" class=\"attachment-full size-full wp-image-1200\" alt=\"Plan P\u00e1ginas Web PyMe Empresarial\" srcset=\"https:\/\/queretaro10.com\/directorios\/wp-content\/uploads\/2025\/03\/qro10-Plan-Paginas-Web-PyMe-Empresarial.png 750w, https:\/\/queretaro10.com\/directorios\/wp-content\/uploads\/2025\/03\/qro10-Plan-Paginas-Web-PyMe-Empresarial-300x300.png 300w, https:\/\/queretaro10.com\/directorios\/wp-content\/uploads\/2025\/03\/qro10-Plan-Paginas-Web-PyMe-Empresarial-150x150.png 150w\" sizes=\"(max-width: 750px) 100vw, 750px\" \/>\t\t\t\t\t\t\t\t<\/a>\n\t\t\t\t\t\t\t\t\t\t\t\t\t\t\t<\/div>\n\t\t\t\t<\/div>\n\t\t\t\t<\/div>\n\t\t\t\t\t<\/div>\n\t\t\t\t<\/div>\n\t\t\t\t<\/div>\n\t\t","protected":false},"excerpt":{"rendered":"<p>Vestidos de Novia en Quer\u00e9taro Aqu\u00ed podr\u00e1 encontrar la direcci\u00f3n y datos de contacto para tiendas de vestidos de novia [&hellip;]<\/p>\n","protected":false},"author":1,"featured_media":0,"parent":0,"menu_order":0,"comment_status":"closed","ping_status":"closed","template":"elementor_header_footer","meta":{"site-sidebar-layout":"default","site-content-layout":"","ast-site-content-layout":"default","site-content-style":"default","site-sidebar-style":"default","ast-global-header-display":"","ast-banner-title-visibility":"","ast-main-header-display":"","ast-hfb-above-header-display":"","ast-hfb-below-header-display":"","ast-hfb-mobile-header-display":"","site-post-title":"","ast-breadcrumbs-content":"","ast-featured-img":"","footer-sml-layout":"","theme-transparent-header-meta":"default","adv-header-id-meta":"","stick-header-meta":"","header-above-stick-meta":"","header-main-stick-meta":"","header-below-stick-meta":"","astra-migrate-meta-layouts":"set","ast-page-background-enabled":"default","ast-page-background-meta":{"desktop":{"background-color":"var(--ast-global-color-4)","background-image":"","background-repeat":"repeat","background-position":"center center","background-size":"auto","background-attachment":"scroll","background-type":"","background-media":"","overlay-type":"","overlay-color":"","overlay-opacity":"","overlay-gradient":""},"tablet":{"background-color":"","background-image":"","background-repeat":"repeat","background-position":"center center","background-size":"auto","background-attachment":"scroll","background-type":"","background-media":"","overlay-type":"","overlay-color":"","overlay-opacity":"","overlay-gradient":""},"mobile":{"background-color":"","background-image":"","background-repeat":"repeat","background-position":"center center","background-size":"auto","background-attachment":"scroll","background-type":"","background-media":"","overlay-type":"","overlay-color":"","overlay-opacity":"","overlay-gradient":""}},"ast-content-background-meta":{"desktop":{"background-color":"var(--ast-global-color-5)","background-image":"","background-repeat":"repeat","background-position":"center center","background-size":"auto","background-attachment":"scroll","background-type":"","background-media":"","overlay-type":"","overlay-color":"","overlay-opacity":"","overlay-gradient":""},"tablet":{"background-color":"var(--ast-global-color-5)","background-image":"","background-repeat":"repeat","background-position":"center center","background-size":"auto","background-attachment":"scroll","background-type":"","background-media":"","overlay-type":"","overlay-color":"","overlay-opacity":"","overlay-gradient":""},"mobile":{"background-color":"var(--ast-global-color-5)","background-image":"","background-repeat":"repeat","background-position":"center center","background-size":"auto","background-attachment":"scroll","background-type":"","background-media":"","overlay-type":"","overlay-color":"","overlay-opacity":"","overlay-gradient":""}},"footnotes":""},"class_list":["post-169","page","type-page","status-publish","hentry"],"aioseo_notices":[],"_links":{"self":[{"href":"https:\/\/queretaro10.com\/directorios\/wp-json\/wp\/v2\/pages\/169","targetHints":{"allow":["GET"]}}],"collection":[{"href":"https:\/\/queretaro10.com\/directorios\/wp-json\/wp\/v2\/pages"}],"about":[{"href":"https:\/\/queretaro10.com\/directorios\/wp-json\/wp\/v2\/types\/page"}],"author":[{"embeddable":true,"href":"https:\/\/queretaro10.com\/directorios\/wp-json\/wp\/v2\/users\/1"}],"replies":[{"embeddable":true,"href":"https:\/\/queretaro10.com\/directorios\/wp-json\/wp\/v2\/comments?post=169"}],"version-history":[{"count":10,"href":"https:\/\/queretaro10.com\/directorios\/wp-json\/wp\/v2\/pages\/169\/revisions"}],"predecessor-version":[{"id":1326,"href":"https:\/\/queretaro10.com\/directorios\/wp-json\/wp\/v2\/pages\/169\/revisions\/1326"}],"wp:attachment":[{"href":"https:\/\/queretaro10.com\/directorios\/wp-json\/wp\/v2\/media?parent=169"}],"curies":[{"name":"wp","href":"https:\/\/api.w.org\/{rel}","templated":true}]}}