{"id":170,"date":"2018-08-03T22:36:32","date_gmt":"2018-08-03T22:36:32","guid":{"rendered":"http:\/\/queretaro10.com\/?page_id=14871"},"modified":"2025-03-31T21:39:35","modified_gmt":"2025-03-31T21:39:35","slug":"vestidos-de-xv-anos","status":"publish","type":"page","link":"https:\/\/queretaro10.com\/directorios\/vestidos-de-xv-anos\/","title":{"rendered":"Vestidos de XV a\u00f1os en Quer\u00e9taro"},"content":{"rendered":"\t\t<div data-elementor-type=\"wp-page\" data-elementor-id=\"170\" class=\"elementor elementor-170\">\n\t\t\t\t<div class=\"elementor-element elementor-element-fbb906f e-flex e-con-boxed e-con e-parent\" data-id=\"fbb906f\" data-element_type=\"container\">\n\t\t\t\t\t<div class=\"e-con-inner\">\n\t\t\t\t<div class=\"elementor-element elementor-element-d6579b4 elementor-widget elementor-widget-heading\" data-id=\"d6579b4\" data-element_type=\"widget\" data-widget_type=\"heading.default\">\n\t\t\t\t<div class=\"elementor-widget-container\">\n\t\t\t\t\t<h1 class=\"elementor-heading-title elementor-size-default\">Vestidos de XV a\u00f1os en Quer\u00e9taro<\/h1>\t\t\t\t<\/div>\n\t\t\t\t<\/div>\n\t\t\t\t<div class=\"elementor-element elementor-element-f95fafa elementor-widget elementor-widget-text-editor\" data-id=\"f95fafa\" data-element_type=\"widget\" data-widget_type=\"text-editor.default\">\n\t\t\t\t<div class=\"elementor-widget-container\">\n\t\t\t\t\t\t\t\t\t<p>Aqu\u00ed podr\u00e1 encontrar la direcci\u00f3n y datos de contacto para tiendas de vestidos de XV a\u00f1os de su localidad, puede usted contactar a las oficinas aqu\u00ed listadas para sus servicios de tiendas de vestidos de XV a\u00f1os para tus fiestas, y m\u00e1s en Quer\u00e9taro, ub\u00edque su proveedor para sus vestidos de XV a\u00f1os m\u00e1s cercano.<\/p>\t\t\t\t\t\t\t\t<\/div>\n\t\t\t\t<\/div>\n\t\t\t\t\t<\/div>\n\t\t\t\t<\/div>\n\t\t<div class=\"elementor-element elementor-element-77b4b82 e-flex e-con-boxed e-con e-parent\" data-id=\"77b4b82\" data-element_type=\"container\">\n\t\t\t\t\t<div class=\"e-con-inner\">\n\t\t\t\t<div class=\"elementor-element elementor-element-fcd41c2 elementor-widget elementor-widget-heading\" data-id=\"fcd41c2\" data-element_type=\"widget\" data-widget_type=\"heading.default\">\n\t\t\t\t<div class=\"elementor-widget-container\">\n\t\t\t\t\t<h2 class=\"elementor-heading-title elementor-size-default\">Directorio de Vestidos de XV a\u00f1os en Quer\u00e9taro<\/h2>\t\t\t\t<\/div>\n\t\t\t\t<\/div>\n\t\t\t\t\t<\/div>\n\t\t\t\t<\/div>\n\t\t<div class=\"elementor-element elementor-element-661b9df e-flex e-con-boxed e-con e-parent\" data-id=\"661b9df\" data-element_type=\"container\">\n\t\t\t\t\t<div class=\"e-con-inner\">\n\t\t<div class=\"elementor-element elementor-element-f30317e e-con-full e-flex e-con e-child\" data-id=\"f30317e\" data-element_type=\"container\">\n\t\t\t\t<div class=\"elementor-element elementor-element-09240f3 elementor-widget elementor-widget-text-editor\" data-id=\"09240f3\" data-element_type=\"widget\" data-widget_type=\"text-editor.default\">\n\t\t\t\t<div class=\"elementor-widget-container\">\n\t\t\t\t\t\t\t\t\t<h3>Renta de Vestidos<\/h3><p><strong>Direcci\u00f3n:<\/strong>\u00a0Prol. Corregidora Nte. 338, Alamos 3ra Secc, 76160 Santiago de Quer\u00e9taro, Qro.<br \/><strong>Tel\u00e9fono:<\/strong>\u00a0(442)-239 1174<br \/><strong>Link:\u00a0<\/strong><a href=\"https:\/\/rentadressqueretaro.business.site\/\" target=\"_blank\" rel=\"nofollow noopener\">https:\/\/rentadressqueretaro.business.site\/<\/a><\/p><h3>Rosa Clar\u00e1<\/h3><p><strong>Direcci\u00f3n:<\/strong>\u00a0San Luis Potos\u00ed \u2013 Santiago de Quer\u00e9taro 12401, Parque Industrial Jurica, 76127 Santiago de Quer\u00e9taro, Qro.<br \/><strong>Tel\u00e9fono:<\/strong>\u00a0(442)-384 3000<br \/><strong>Link:\u00a0<\/strong><a href=\"https:\/\/www.rosaclara.es\/\" target=\"_blank\" rel=\"nofollow noopener\">https:\/\/www.rosaclara.es\/<\/a><\/p><h3>Tega Ceremonia<\/h3><p><strong>Direcci\u00f3n:<\/strong>\u00a0Blvd. Bernardo Quintana 38, Pathe, 76160 Santiago de Quer\u00e9taro, Qro.<br \/><strong>Tel\u00e9fono:<\/strong>\u00a0(442)-246 3501<br \/><strong>Sitio Web:<\/strong>\u00a0<a href=\"http:\/\/www.tegaceremonia.com.mx\/\">www.tegaceremonia.com<\/a><\/p><h3>Fianc\u00e9e<\/h3><p><strong>Direcci\u00f3n:<\/strong>\u00a0Carlos Septi\u00e9n G. #59, Cimatario, 76030 Santiago de Quer\u00e9taro, Qro.<br \/><strong>Tel\u00e9fono:<\/strong>\u00a0(442)-212 5702<br \/><strong>Sitio Web:<\/strong>\u00a0<a href=\"http:\/\/fianceebodas.com\/\">http:\/\/fianceebodas.com\/<\/a><\/p>\t\t\t\t\t\t\t\t<\/div>\n\t\t\t\t<\/div>\n\t\t\t\t<\/div>\n\t\t<div class=\"elementor-element elementor-element-3b3ce58 e-con-full e-flex e-con e-child\" data-id=\"3b3ce58\" data-element_type=\"container\">\n\t\t\t\t<div class=\"elementor-element elementor-element-45454ee elementor-widget elementor-widget-text-editor\" data-id=\"45454ee\" data-element_type=\"widget\" data-widget_type=\"text-editor.default\">\n\t\t\t\t<div class=\"elementor-widget-container\">\n\t\t\t\t\t\t\t\t\t<h3>Siller<\/h3><p><strong>Direcci\u00f3n:<\/strong>\u00a0San Agust\u00edn del Retablo #47, El Retablo, C.P. 76154 Santiago de Quer\u00e9taro, Quer\u00e9taro.<\/p><h3>Elegannzza Sposa<\/h3><p><strong>Direcci\u00f3n:<\/strong>\u00a0Blvd. Bernardo Quintana 27 B, Col. Path\u00e9<br \/><strong>Tel\u00e9fono:<\/strong>\u00a0(442)-248 4490<br \/><strong>Sitio Web:<\/strong>\u00a0<a href=\"http:\/\/www.eleganzzasposa.com\/\">www.eleganzzasposa.com<\/a><\/p><h3>Sweet Angels<\/h3><p><strong>Direcci\u00f3n:<\/strong>\u00a0Interior 5 en planta alta, Blvd. Bernardo Quintana 27A, Pathe, 76020 Santiago de Quer\u00e9taro, Qro.<br \/><strong>Tel\u00e9fono:<\/strong>\u00a0(442)-213 4558<br \/><strong>Sitio Web:<\/strong>\u00a0<a href=\"https:\/\/www.facebook.com\/Sweet-Angels-144631512220512\/\">facebook.com\/Sweet-Angels<\/a><\/p>\t\t\t\t\t\t\t\t<\/div>\n\t\t\t\t<\/div>\n\t\t\t\t<\/div>\n\t\t<div class=\"elementor-element elementor-element-1e6f50c e-con-full e-flex e-con e-child\" data-id=\"1e6f50c\" data-element_type=\"container\">\n\t\t\t\t<div class=\"elementor-element elementor-element-e0014f7 elementor-widget elementor-widget-text-editor\" data-id=\"e0014f7\" data-element_type=\"widget\" data-widget_type=\"text-editor.default\">\n\t\t\t\t<div class=\"elementor-widget-container\">\n\t\t\t\t\t\t\t\t\t<h3>Vestido de quince a\u00f1os<\/h3><p><strong>Direcci\u00f3n:<\/strong>\u00a0No 113 Int 4, Blvd. Bernardo Quintana, Villas del Parque, 76140 Santiago de Quer\u00e9taro, Qro.<br \/><strong>Tel\u00e9fono:<\/strong>\u00a0(442) 248 4807<br \/><strong>Link:\u00a0<\/strong><a href=\"http:\/\/vestidosdequinceanosenqueretaro.com\/\" target=\"_blank\" rel=\"nofollow noopener\">http:\/\/vestidosdequinceanosenqueretaro.com\/<\/a><\/p><h3>Brides &amp; Co<\/h3><p><strong>Direcci\u00f3n:<\/strong>\u00a0Blvd. Bernardo Quintana 530, Arboledas, 76150 Santiago de Quer\u00e9taro, Qro.<br \/><strong>Tel\u00e9fono:<\/strong>\u00a0(442) 312 2322<br \/><strong>Link:\u00a0<\/strong><a href=\"https:\/\/noviasco.ceremoniasmexico.com\/\" target=\"_blank\" rel=\"nofollow noopener\">https:\/\/noviasco.ceremoniasmexico.com\/<\/a><\/p><h3>Enlace Nupcial<\/h3><p><strong>Direcci\u00f3n:<\/strong>\u00a0Ignacio Zaragoza #79, Centro, C.P. 76000 Santiago de Quer\u00e9taro, Qro.<br \/><strong>Tel\u00e9fono:<\/strong>\u00a0(442)-214 0879<br \/><strong>Sitio Web:<\/strong>\u00a0<a href=\"https:\/\/www.facebook.com\/Enlacenupcial\">facebook.com\/Enlacenupcial<\/a><\/p>\t\t\t\t\t\t\t\t<\/div>\n\t\t\t\t<\/div>\n\t\t\t\t<\/div>\n\t\t\t\t\t<\/div>\n\t\t\t\t<\/div>\n\t\t<div class=\"elementor-element elementor-element-8ef903a e-flex e-con-boxed e-con e-parent\" data-id=\"8ef903a\" data-element_type=\"container\">\n\t\t\t\t\t<div class=\"e-con-inner\">\n\t\t<div class=\"elementor-element elementor-element-31c83c7 e-con-full e-flex e-con e-child\" data-id=\"31c83c7\" data-element_type=\"container\">\n\t\t\t\t<div class=\"elementor-element elementor-element-7cd9f78 elementor-widget elementor-widget-image\" data-id=\"7cd9f78\" data-element_type=\"widget\" data-widget_type=\"image.default\">\n\t\t\t\t<div class=\"elementor-widget-container\">\n\t\t\t\t\t\t\t\t\t\t\t\t\t\t\t\t<a href=\"https:\/\/mkdigital10.com\/plan-full-empresarial\/\">\n\t\t\t\t\t\t\t<img fetchpriority=\"high\" decoding=\"async\" width=\"750\" height=\"750\" src=\"https:\/\/queretaro10.com\/directorios\/wp-content\/uploads\/2024\/06\/qro10-4-2024-PLAN-FULL-EMPRESARIAL-min.png\" class=\"attachment-full size-full wp-image-809\" alt=\"Plan Full MARKETING EMPRESARIAL\" srcset=\"https:\/\/queretaro10.com\/directorios\/wp-content\/uploads\/2024\/06\/qro10-4-2024-PLAN-FULL-EMPRESARIAL-min.png 750w, https:\/\/queretaro10.com\/directorios\/wp-content\/uploads\/2024\/06\/qro10-4-2024-PLAN-FULL-EMPRESARIAL-min-300x300.png 300w, https:\/\/queretaro10.com\/directorios\/wp-content\/uploads\/2024\/06\/qro10-4-2024-PLAN-FULL-EMPRESARIAL-min-150x150.png 150w\" sizes=\"(max-width: 750px) 100vw, 750px\" \/>\t\t\t\t\t\t\t\t<\/a>\n\t\t\t\t\t\t\t\t\t\t\t\t\t\t\t<\/div>\n\t\t\t\t<\/div>\n\t\t\t\t<\/div>\n\t\t<div class=\"elementor-element elementor-element-3a036ae e-con-full e-flex e-con e-child\" data-id=\"3a036ae\" data-element_type=\"container\">\n\t\t\t\t<div class=\"elementor-element elementor-element-8cebc19 elementor-widget elementor-widget-image\" data-id=\"8cebc19\" data-element_type=\"widget\" data-widget_type=\"image.default\">\n\t\t\t\t<div class=\"elementor-widget-container\">\n\t\t\t\t\t\t\t\t\t\t\t\t\t\t\t\t<a href=\"https:\/\/queretaro10.com\/qro\/marketing\/\">\n\t\t\t\t\t\t\t<img decoding=\"async\" width=\"750\" height=\"750\" src=\"https:\/\/queretaro10.com\/directorios\/wp-content\/uploads\/2024\/06\/qro10-Plan-MK-Digital-PyMe-Local-cuadro-4-min.png\" class=\"attachment-full size-full wp-image-810\" alt=\"PLAN FULL MARKETING DIGITAL PyMe Local\" srcset=\"https:\/\/queretaro10.com\/directorios\/wp-content\/uploads\/2024\/06\/qro10-Plan-MK-Digital-PyMe-Local-cuadro-4-min.png 750w, https:\/\/queretaro10.com\/directorios\/wp-content\/uploads\/2024\/06\/qro10-Plan-MK-Digital-PyMe-Local-cuadro-4-min-300x300.png 300w, https:\/\/queretaro10.com\/directorios\/wp-content\/uploads\/2024\/06\/qro10-Plan-MK-Digital-PyMe-Local-cuadro-4-min-150x150.png 150w\" sizes=\"(max-width: 750px) 100vw, 750px\" \/>\t\t\t\t\t\t\t\t<\/a>\n\t\t\t\t\t\t\t\t\t\t\t\t\t\t\t<\/div>\n\t\t\t\t<\/div>\n\t\t\t\t<\/div>\n\t\t<div class=\"elementor-element elementor-element-11787b4 e-con-full e-flex e-con e-child\" data-id=\"11787b4\" data-element_type=\"container\">\n\t\t\t\t<div class=\"elementor-element elementor-element-80db0a3 elementor-widget elementor-widget-image\" data-id=\"80db0a3\" data-element_type=\"widget\" data-widget_type=\"image.default\">\n\t\t\t\t<div class=\"elementor-widget-container\">\n\t\t\t\t\t\t\t\t\t\t\t\t\t\t\t\t<a href=\"https:\/\/mkdigital10.com\/sem\/redes-sociales\/\">\n\t\t\t\t\t\t\t<img decoding=\"async\" width=\"750\" height=\"750\" src=\"https:\/\/queretaro10.com\/directorios\/wp-content\/uploads\/2025\/03\/qro10-Plan-Redes-Sociales.png\" class=\"attachment-full size-full wp-image-1199\" alt=\"Plan Redes Sociales\" srcset=\"https:\/\/queretaro10.com\/directorios\/wp-content\/uploads\/2025\/03\/qro10-Plan-Redes-Sociales.png 750w, https:\/\/queretaro10.com\/directorios\/wp-content\/uploads\/2025\/03\/qro10-Plan-Redes-Sociales-300x300.png 300w, https:\/\/queretaro10.com\/directorios\/wp-content\/uploads\/2025\/03\/qro10-Plan-Redes-Sociales-150x150.png 150w\" sizes=\"(max-width: 750px) 100vw, 750px\" \/>\t\t\t\t\t\t\t\t<\/a>\n\t\t\t\t\t\t\t\t\t\t\t\t\t\t\t<\/div>\n\t\t\t\t<\/div>\n\t\t\t\t<\/div>\n\t\t<div class=\"elementor-element elementor-element-d4730c8 e-con-full e-flex e-con e-child\" data-id=\"d4730c8\" data-element_type=\"container\">\n\t\t\t\t<div class=\"elementor-element elementor-element-628e726 elementor-widget elementor-widget-image\" data-id=\"628e726\" data-element_type=\"widget\" data-widget_type=\"image.default\">\n\t\t\t\t<div class=\"elementor-widget-container\">\n\t\t\t\t\t\t\t\t\t\t\t\t\t\t\t\t<a href=\"https:\/\/mkdigital10.com\/paginas-web\/\">\n\t\t\t\t\t\t\t<img loading=\"lazy\" decoding=\"async\" width=\"750\" height=\"750\" src=\"https:\/\/queretaro10.com\/directorios\/wp-content\/uploads\/2025\/03\/qro10-Plan-Paginas-Web-PyMe-Empresarial.png\" class=\"attachment-full size-full wp-image-1200\" alt=\"Plan P\u00e1ginas Web PyMe Empresarial\" srcset=\"https:\/\/queretaro10.com\/directorios\/wp-content\/uploads\/2025\/03\/qro10-Plan-Paginas-Web-PyMe-Empresarial.png 750w, https:\/\/queretaro10.com\/directorios\/wp-content\/uploads\/2025\/03\/qro10-Plan-Paginas-Web-PyMe-Empresarial-300x300.png 300w, https:\/\/queretaro10.com\/directorios\/wp-content\/uploads\/2025\/03\/qro10-Plan-Paginas-Web-PyMe-Empresarial-150x150.png 150w\" sizes=\"(max-width: 750px) 100vw, 750px\" \/>\t\t\t\t\t\t\t\t<\/a>\n\t\t\t\t\t\t\t\t\t\t\t\t\t\t\t<\/div>\n\t\t\t\t<\/div>\n\t\t\t\t<\/div>\n\t\t\t\t\t<\/div>\n\t\t\t\t<\/div>\n\t\t\t\t<\/div>\n\t\t","protected":false},"excerpt":{"rendered":"<p>Vestidos de XV a\u00f1os en Quer\u00e9taro Aqu\u00ed podr\u00e1 encontrar la direcci\u00f3n y datos de contacto para tiendas de vestidos de [&hellip;]<\/p>\n","protected":false},"author":1,"featured_media":0,"parent":0,"menu_order":0,"comment_status":"closed","ping_status":"closed","template":"elementor_header_footer","meta":{"site-sidebar-layout":"default","site-content-layout":"","ast-site-content-layout":"default","site-content-style":"default","site-sidebar-style":"default","ast-global-header-display":"","ast-banner-title-visibility":"","ast-main-header-display":"","ast-hfb-above-header-display":"","ast-hfb-below-header-display":"","ast-hfb-mobile-header-display":"","site-post-title":"","ast-breadcrumbs-content":"","ast-featured-img":"","footer-sml-layout":"","theme-transparent-header-meta":"default","adv-header-id-meta":"","stick-header-meta":"","header-above-stick-meta":"","header-main-stick-meta":"","header-below-stick-meta":"","astra-migrate-meta-layouts":"set","ast-page-background-enabled":"default","ast-page-background-meta":{"desktop":{"background-color":"var(--ast-global-color-4)","background-image":"","background-repeat":"repeat","background-position":"center center","background-size":"auto","background-attachment":"scroll","background-type":"","background-media":"","overlay-type":"","overlay-color":"","overlay-opacity":"","overlay-gradient":""},"tablet":{"background-color":"","background-image":"","background-repeat":"repeat","background-position":"center center","background-size":"auto","background-attachment":"scroll","background-type":"","background-media":"","overlay-type":"","overlay-color":"","overlay-opacity":"","overlay-gradient":""},"mobile":{"background-color":"","background-image":"","background-repeat":"repeat","background-position":"center center","background-size":"auto","background-attachment":"scroll","background-type":"","background-media":"","overlay-type":"","overlay-color":"","overlay-opacity":"","overlay-gradient":""}},"ast-content-background-meta":{"desktop":{"background-color":"var(--ast-global-color-5)","background-image":"","background-repeat":"repeat","background-position":"center center","background-size":"auto","background-attachment":"scroll","background-type":"","background-media":"","overlay-type":"","overlay-color":"","overlay-opacity":"","overlay-gradient":""},"tablet":{"background-color":"var(--ast-global-color-5)","background-image":"","background-repeat":"repeat","background-position":"center center","background-size":"auto","background-attachment":"scroll","background-type":"","background-media":"","overlay-type":"","overlay-color":"","overlay-opacity":"","overlay-gradient":""},"mobile":{"background-color":"var(--ast-global-color-5)","background-image":"","background-repeat":"repeat","background-position":"center center","background-size":"auto","background-attachment":"scroll","background-type":"","background-media":"","overlay-type":"","overlay-color":"","overlay-opacity":"","overlay-gradient":""}},"footnotes":""},"class_list":["post-170","page","type-page","status-publish","hentry"],"aioseo_notices":[],"_links":{"self":[{"href":"https:\/\/queretaro10.com\/directorios\/wp-json\/wp\/v2\/pages\/170","targetHints":{"allow":["GET"]}}],"collection":[{"href":"https:\/\/queretaro10.com\/directorios\/wp-json\/wp\/v2\/pages"}],"about":[{"href":"https:\/\/queretaro10.com\/directorios\/wp-json\/wp\/v2\/types\/page"}],"author":[{"embeddable":true,"href":"https:\/\/queretaro10.com\/directorios\/wp-json\/wp\/v2\/users\/1"}],"replies":[{"embeddable":true,"href":"https:\/\/queretaro10.com\/directorios\/wp-json\/wp\/v2\/comments?post=170"}],"version-history":[{"count":11,"href":"https:\/\/queretaro10.com\/directorios\/wp-json\/wp\/v2\/pages\/170\/revisions"}],"predecessor-version":[{"id":1314,"href":"https:\/\/queretaro10.com\/directorios\/wp-json\/wp\/v2\/pages\/170\/revisions\/1314"}],"wp:attachment":[{"href":"https:\/\/queretaro10.com\/directorios\/wp-json\/wp\/v2\/media?parent=170"}],"curies":[{"name":"wp","href":"https:\/\/api.w.org\/{rel}","templated":true}]}}