{"id":55,"date":"2023-03-11T06:08:39","date_gmt":"2023-03-11T06:08:39","guid":{"rendered":"https:\/\/queretaro10.com\/directorios\/?page_id=27706"},"modified":"2025-03-31T21:58:45","modified_gmt":"2025-03-31T21:58:45","slug":"campamentos-ecoturisticos","status":"publish","type":"page","link":"https:\/\/queretaro10.com\/directorios\/campamentos-ecoturisticos\/","title":{"rendered":"Campamentos Ecotur\u00edsticos en Quer\u00e9taro"},"content":{"rendered":"\t\t<div data-elementor-type=\"wp-page\" data-elementor-id=\"55\" class=\"elementor elementor-55\">\n\t\t\t\t<div class=\"elementor-element elementor-element-0458df5 e-flex e-con-boxed e-con e-parent\" data-id=\"0458df5\" data-element_type=\"container\">\n\t\t\t\t\t<div class=\"e-con-inner\">\n\t\t\t\t<div class=\"elementor-element elementor-element-d9979a0 elementor-widget elementor-widget-heading\" data-id=\"d9979a0\" data-element_type=\"widget\" data-widget_type=\"heading.default\">\n\t\t\t\t<div class=\"elementor-widget-container\">\n\t\t\t\t\t<h1 class=\"elementor-heading-title elementor-size-default\">Campamentos Ecotur\u00edsticos en Quer\u00e9taro<\/h1>\t\t\t\t<\/div>\n\t\t\t\t<\/div>\n\t\t\t\t<div class=\"elementor-element elementor-element-2061b1f elementor-widget elementor-widget-text-editor\" data-id=\"2061b1f\" data-element_type=\"widget\" data-widget_type=\"text-editor.default\">\n\t\t\t\t<div class=\"elementor-widget-container\">\n\t\t\t\t\t\t\t\t\t<p>El servicio de campamento ecotur\u00edstico siempre es necesario, los ciudadanos por lo menos una vez al a\u00f1o utilizan los servicios de excursionismo, campamentos recreativos, campamentos escolares, campamentos padres e hijos, integraci\u00f3n empresarial, senderismo, tirolesa, ca\u00f1onismo. A continuaci\u00f3n, seleccionamos algunos negocios que disponen de los mejores servicios de Campamentos Ecotur\u00edsticos en Quer\u00e9taro.<\/p>\t\t\t\t\t\t\t\t<\/div>\n\t\t\t\t<\/div>\n\t\t\t\t\t<\/div>\n\t\t\t\t<\/div>\n\t\t<div class=\"elementor-element elementor-element-9189973 e-flex e-con-boxed e-con e-parent\" data-id=\"9189973\" data-element_type=\"container\">\n\t\t\t\t\t<div class=\"e-con-inner\">\n\t\t\t\t<div class=\"elementor-element elementor-element-14467f5 elementor-widget elementor-widget-heading\" data-id=\"14467f5\" data-element_type=\"widget\" data-widget_type=\"heading.default\">\n\t\t\t\t<div class=\"elementor-widget-container\">\n\t\t\t\t\t<h2 class=\"elementor-heading-title elementor-size-default\">Directorio de Campamentos Ecotur\u00edsticos en Quer\u00e9taro<\/h2>\t\t\t\t<\/div>\n\t\t\t\t<\/div>\n\t\t\t\t<div class=\"elementor-element elementor-element-5a3251b elementor-widget elementor-widget-text-editor\" data-id=\"5a3251b\" data-element_type=\"widget\" data-widget_type=\"text-editor.default\">\n\t\t\t\t<div class=\"elementor-widget-container\">\n\t\t\t\t\t\t\t\t\t<p>Una recopilaci\u00f3n de los mejores servicios de campamentos ecotur\u00edsticos del Estado de Quer\u00e9taro, los cuales fueron indexados en medios digitales como buenos contactos, si desea actualizar alg\u00fan dato o agregar un Servicio en Quer\u00e9taro con gusto lo realizamos.<\/p>\t\t\t\t\t\t\t\t<\/div>\n\t\t\t\t<\/div>\n\t\t\t\t\t<\/div>\n\t\t\t\t<\/div>\n\t\t<div class=\"elementor-element elementor-element-43bead7 e-flex e-con-boxed e-con e-parent\" data-id=\"43bead7\" data-element_type=\"container\">\n\t\t\t\t\t<div class=\"e-con-inner\">\n\t\t\t\t<div class=\"elementor-element elementor-element-3470c7a elementor-widget elementor-widget-text-editor\" data-id=\"3470c7a\" data-element_type=\"widget\" data-widget_type=\"text-editor.default\">\n\t\t\t\t<div class=\"elementor-widget-container\">\n\t\t\t\t\t\t\t\t\t<hr \/><h3>Bonding Campamentos y Teambuilding<\/h3><p>Servicio de Bonding Campamentos y Teambuilding en Quer\u00e9taro.<br \/><strong>Direcciones:<\/strong> Ing. Manuel Herrera 6, San Javier, 76020 Santiago de Quer\u00e9taro, Qro.<br \/><strong>Tel\u00e9fono:<\/strong> (552)455 4643, (442)543 0213, (442)543 0212.<br \/><strong>Sitio:<\/strong> https:\/\/bonding.com.mx\/<br \/><strong>E-mail:<\/strong> info@bonding.com.mx<br \/><strong>Rese\u00f1a:<\/strong> Productos y servicios que ofrece Bonding Campamentos y Teambuilding,\u00a0Bonding Camps: Viajes Multidisciplinarios, Campamentos Recreativos, Visitas de 1 d\u00eda, Programas con contenido, Dise\u00f1amos experiencias, Educaci\u00f3n Experiencial. Bonding Empresarial: Integraci\u00f3n Empresarial, Teambuilding, Taller Vivencial, Reto por elecci\u00f3n.<br \/><a href=\"https:\/\/goo.gl\/maps\/KUNzgzjrBXFSRUmb7\" target=\"_blank\" rel=\"noopener,nofollow noopener\">Link de Ubicaci\u00f3n en Mapa Google. Clic Mapa.<\/a><\/p><hr \/><h3>Sierraventura M\u00e9xico<\/h3><p>Servicio de Sierraventura M\u00e9xico en Quer\u00e9taro.<br \/><strong>2 Direcciones:<\/strong> Ramiro de Maeztu 58, Los Molinos, 76150 Santiago de Quer\u00e9taro, Qro.<br \/><strong>Tel\u00e9fono:<\/strong> (442)182 4876.<br \/><strong>WhatsApp:<\/strong> (442)470 2031.<br \/><strong>Sitio:<\/strong> https:\/\/www.sierraventura.com.mx\/<br \/><strong>E-mail:<\/strong> contacto@sierraventura.com.mx<br \/><strong>Rese\u00f1a:<\/strong> Productos y servicios que ofrece Sierraventura M\u00e9xico,\u00a0Aventura: Autorrescate \/ Rescate Vertical, Ciclismo de Monta\u00f1a, Excursionismo, Ca\u00f1onismo, Taller de Rapel. Supervivencia: Curso de Supervivencia Agreste (secuenciado por m\u00f3dulos de 3 d\u00edas), Talleres B\u00e1sicos de Supervivencia en Zona Espec\u00edfica (2 d\u00edas), Taller ONLINE o Presencial de Supervivencia Urbana. Rescate y Riesgo: Curso de Primeros Auxilios \u00c1reas Remotas, Taller B\u00fasqueda y Rescate Agreste, Curso de Rescate Acu\u00e1tico Nivel 1, Curso de Rescate Acu\u00e1tico Aguas Bravas, Gesti\u00f3n de Riesgos en \u00c1reas Naturales, Autorrescate \/ Rescate Vertical, ON LINE \u2013 Prevenci\u00f3n de Riesgos Personales y Patrimoniales en ambientes Urbanos.<br \/><a href=\"https:\/\/goo.gl\/maps\/wSmEPCbBfbjghVBp8\" target=\"_blank\" rel=\"noopener,nofollow noopener\">Link de Ubicaci\u00f3n en Mapa Google. Clic Mapa.<\/a><\/p><hr \/><h3>Cetia Ti Expediciones y Campamentos<\/h3><p>Servicio de Cetia Ti Expediciones y Campamentos en Quer\u00e9taro.<br \/><strong>Direcciones:<\/strong> Jos\u00e9 Clemente Orozco No 2-Local # 4, Nuevo, 76900 El Pueblito, Qro.<br \/><strong>Tel\u00e9fono:<\/strong> (442)230 2028, (442)583 9016.<br \/><strong>WhatsApp:<\/strong> (442)230 2028, (442)583 9016.<br \/><strong>Sitio:<\/strong> https:\/\/www.cetiati.com.mx\/<br \/><strong>E-mail:<\/strong> informes@cetiati.com.mx<br \/><strong>Rese\u00f1a:<\/strong> Productos y servicios que ofrece Cetia Ti Expediciones y Campamentos,\u00a0Campamentos Escolares, Campamentos Padres e Hijos, Viajes Acad\u00e9micos.<br \/><a href=\"https:\/\/goo.gl\/maps\/sjnefsXAHJ1YMGCZ8\" target=\"_blank\" rel=\"noopener,nofollow noopener\">Link de Ubicaci\u00f3n en Mapa Google. Clic Mapa.<\/a><\/p><hr \/><h3>Chichidho<\/h3><p>Servicio de Chichidho en Quer\u00e9taro.<br \/><strong>Direcciones:<\/strong> chichidho Tolim\u00e1n, 76030 Santiago de Quer\u00e9taro, Qro.<br \/><strong>Tel\u00e9fono:<\/strong> (442)344 2285.<br \/><strong>WhatsApp:<\/strong> (442)359 4437.<br \/><strong>Sitio:<\/strong> https:\/\/www.chichidho.com\/<br \/><strong>E-mail:<\/strong> contactochichidho@gmail.com<br \/><strong>Rese\u00f1a:<\/strong> Productos y servicios que ofrece Chichidho,\u00a0Clases &amp; Paquetes: Sesi\u00f3n Meditaci\u00f3n &amp; Desayuno Brunch, Sesi\u00f3n Yoga &amp; Desayuno Brunch, Sesi\u00f3n Meditaci\u00f3n, Sesi\u00f3n Yoga Restaurativo. Habitaciones: Stunning View Villa #1, Cabana #2, Open Sky Couple Suite #3, Couple Suite #4, Couple Suite #5, King Suite #6, Day Access, Camping.<br \/><a href=\"https:\/\/goo.gl\/maps\/WBapbpRzYnjNn7mJ6\" target=\"_blank\" rel=\"noopener,nofollow noopener\">Link de Ubicaci\u00f3n en Mapa Google. Clic Mapa.<\/a><\/p><hr \/><h3>Sightseeing and Sports Mexico<\/h3><p>Servicio de Sightseeing and Sports Mexico en Quer\u00e9taro.<br \/><strong>Direcciones:<\/strong> Plaza UpTown, Anillo Vial Fray Jun\u00edpero Serra 21260, 76147 Juriquilla, Qro.<br \/><strong>Tel\u00e9fono:<\/strong> (442)332 2852.<br \/><strong>WhatsApp:<\/strong> (442)332 2852.<br \/><strong>Sitio:<\/strong> https:\/\/sightseeingandsports.com\/<br \/><strong>Rese\u00f1a:<\/strong> Productos y servicios que ofrece Sightseeing and Sports Mexico,\u00a0Formaci\u00f3n e Integraci\u00f3n de Equipos de Trabajo &#8211; Team Building, Campamentos Escolares, Campamentos Recreativos.<br \/><a href=\"https:\/\/goo.gl\/maps\/xBsY9YoSV4sMbYhh8\" target=\"_blank\" rel=\"noopener,nofollow noopener\">Link de Ubicaci\u00f3n en Mapa Google. Clic Mapa.<\/a><\/p><hr \/><h3>Campamento El Cedral<\/h3><p>Servicio de Campamento El Cedral en Quer\u00e9taro.<br \/><strong>Direcciones:<\/strong> Calle sin n\u00famero, 76300 Pinal de Amoles, Qro.<br \/><strong>Tel\u00e9fono:<\/strong> (442)276 8838.<br \/><strong>Sitio:<\/strong> https:\/\/www.facebook.com\/elcedralpinaldeamoles\/<br \/><strong>Rese\u00f1a:<\/strong> Productos y servicios que ofrece Campamento El Cedral,\u00a0Paisaje natural, redado por dos arroyos e impresionantes acantilados sitio ideal para actividades de ecoturismo.<br \/><a href=\"https:\/\/goo.gl\/maps\/HESRDuiLu4oP6dC8A\" target=\"_blank\" rel=\"noopener,nofollow noopener\">Link de Ubicaci\u00f3n en Mapa Google. Clic Mapa.<\/a><\/p><hr \/><h3>CotoCamp<\/h3><p>Servicio de CotoCamp en Quer\u00e9taro.<br \/><strong>Direcciones:<\/strong> Santa Isabel el coto, 76820 San Juan del R\u00edo, Qro.<br \/><strong>Tel\u00e9fono:<\/strong> (427)115 9403, (442)446 7730.<br \/><strong>Sitio:<\/strong> https:\/\/www.cotocamp.com\/<br \/><strong>E-mail:<\/strong> ventas@cotocamp.com<br \/><strong>Rese\u00f1a:<\/strong> Productos y servicios que ofrece CotoCamp,\u00a0Actividades: Senderismo, Tirolesa, Fogata, \u00c1reas recreativas, Alberca, Paseo en bici. Instalaciones: Sal\u00f3n de eventos, Carpas tipo safari, Sanitarios, Cancha de f\u00fatbol, Muro de escalada, Tirolesa, Mirador.<br \/><a href=\"https:\/\/goo.gl\/maps\/ak5ec15JVnCRBCYPA\" target=\"_blank\" rel=\"noopener,nofollow noopener\">Link de Ubicaci\u00f3n en Mapa Google. Clic Mapa.<\/a><\/p><hr \/><h3>Cedral Park<\/h3><p>Servicio de Cedral Park en Quer\u00e9taro.<br \/><strong>Direcciones:<\/strong> Domicilio Conocido Los Pozos, 76555 Qro.<br \/><strong>Tel\u00e9fono:<\/strong> (442)465 0748.<br \/><strong>WhatsApp:<\/strong> (442)465 0748.<br \/><strong>Sitio:<\/strong> https:\/\/www.facebook.com\/atreveteavivirlanaturaleza<br \/><strong>E-mail:<\/strong> cedralparksanjoaquin@gmail.com<br \/><strong>Rese\u00f1a:<\/strong> Productos y servicios que ofrece Cedral Park,\u00a0Acampado. Actividades: Tirolesa, Gruta, Gotcha, Temazcal, Caminatas. Restaurante: Desayuno, Comida, Cena. Hospedaje en Caba\u00f1as.<br \/><a href=\"https:\/\/goo.gl\/maps\/f8nMFgcY8yMJR1McA\" target=\"_blank\" rel=\"noopener,nofollow noopener\">Link de Ubicaci\u00f3n en Mapa Google. Clic Mapa.<\/a><\/p><hr \/><h3>Campamento Rivera del R\u00edo<\/h3><p>Servicio de Campamento Rivera del R\u00edo en Quer\u00e9taro.<br \/><strong>Direcciones:<\/strong> 76337 Bucareli, Qro.<br \/><strong>Tel\u00e9fono:<\/strong> (442)445 2134.<br \/><strong>Sitio:<\/strong> https:\/\/www.bucareli-extremo.com\/<br \/><strong>E-mail:<\/strong> campriveradelrio@gmail.com<br \/><strong>Rese\u00f1a:<\/strong> Productos y servicios que ofrece Campamento Rivera del R\u00edo,\u00a0Caba\u00f1as: Caba\u00f1a de 4 Camas Matrimoniales, Caba\u00f1a de 2 Camas Matrimoniales Caba\u00f1a de 4 Camas Individuales y 01 Matrimonial. Campismo. Tirolesas y Rapel: Circuito Completo, Medio Circuito, Circuito Sencillo, Paquete &#8211; Una Tirolesa de 700 MTS. Restaurante.<br \/><a href=\"https:\/\/goo.gl\/maps\/2iRKicc3GoKWXuE27\" target=\"_blank\" rel=\"noopener,nofollow noopener\">Link de Ubicaci\u00f3n en Mapa Google. Clic Mapa.<\/a><\/p><hr \/><h3>Parque Bicentenario Quer\u00e9taro<\/h3><p>Servicio de Parque Bicentenario Quer\u00e9taro.<br \/><strong>Direcciones:<\/strong> Calle Melchor Ocampo Poniente 3-C, 76220 Santa Rosa J\u00e1uregui, Qro.<br \/><strong>Tel\u00e9fono:<\/strong> (442)291 1554.<br \/><strong>Sitio:<\/strong> http:\/\/parquebicentenarioqueretaro.gob.mx\/<br \/><strong>E-mail:<\/strong> parque.bicentenario@municipiodequeretaro.gob.mx<br \/><strong>Rese\u00f1a:<\/strong> Productos y servicios que ofrece Parque Bicentenario Quer\u00e9taro,\u00a0Rana Saltarina, Dinosaurio, Carrusel, Selva del Rat\u00f3n, Parque L\u00fadico, Gusano, UFFO, Lanchas de Remos, R\u00edo R\u00e1pido, Tren Expresso, Herpetario \u00abMundo Reptilia\u00bb, Ponton, Hydrobikes, Finca, Parque Acu\u00e1tico.<br \/><a href=\"https:\/\/goo.gl\/maps\/S7HSccXXVPggKE1r5\" target=\"_blank\" rel=\"noopener,nofollow noopener\">Link de Ubicaci\u00f3n en Mapa Google. Clic Mapa.<\/a><\/p><hr \/>\t\t\t\t\t\t\t\t<\/div>\n\t\t\t\t<\/div>\n\t\t\t\t\t<\/div>\n\t\t\t\t<\/div>\n\t\t<div class=\"elementor-element elementor-element-9b402b3 e-flex e-con-boxed e-con e-parent\" data-id=\"9b402b3\" data-element_type=\"container\">\n\t\t\t\t\t<div class=\"e-con-inner\">\n\t\t\t\t<div class=\"elementor-element elementor-element-c67c5ad elementor-widget elementor-widget-heading\" data-id=\"c67c5ad\" data-element_type=\"widget\" data-widget_type=\"heading.default\">\n\t\t\t\t<div class=\"elementor-widget-container\">\n\t\t\t\t\t<h2 class=\"elementor-heading-title elementor-size-default\">Servicios de Campamentos Ecotur\u00edsticos Mapa<\/h2>\t\t\t\t<\/div>\n\t\t\t\t<\/div>\n\t\t\t\t<div class=\"elementor-element elementor-element-44fbcc3 elementor-widget elementor-widget-text-editor\" data-id=\"44fbcc3\" data-element_type=\"widget\" data-widget_type=\"text-editor.default\">\n\t\t\t\t<div class=\"elementor-widget-container\">\n\t\t\t\t\t\t\t\t\t<p>Los servicios especializados de campamento ecotur\u00edstico, Viajes Multidisciplinarios, Campamentos Recreativos, Visitas de 1 d\u00eda, Programas con contenido, Dise\u00f1amos experiencias, Educaci\u00f3n Experiencial. Bonding Empresarial: Integraci\u00f3n Empresarial, Teambuilding, Autorrescate, Rescate Vertical, Ciclismo de Monta\u00f1a, Excursionismo, Ca\u00f1onismo, Taller de Rapel, Campamentos Escolares, Campamentos Padres e Hijos, Viajes Acad\u00e9micos, Formaci\u00f3n e Integraci\u00f3n de Equipos de Trabajo \u2013 Team Building, Senderismo, Tirolesa, Fogata, \u00c1reas recreativas, Alberca, Paseo en bici, R\u00edo R\u00e1pido.<\/p>\t\t\t\t\t\t\t\t<\/div>\n\t\t\t\t<\/div>\n\t\t\t\t\t<\/div>\n\t\t\t\t<\/div>\n\t\t<div class=\"elementor-element elementor-element-574d764 e-flex e-con-boxed e-con e-parent\" data-id=\"574d764\" data-element_type=\"container\">\n\t\t\t\t\t<div class=\"e-con-inner\">\n\t\t\t\t<div class=\"elementor-element elementor-element-b82069b elementor-widget elementor-widget-text-editor\" data-id=\"b82069b\" data-element_type=\"widget\" data-widget_type=\"text-editor.default\">\n\t\t\t\t<div class=\"elementor-widget-container\">\n\t\t\t\t\t\t\t\t\t<p><iframe style=\"border: 0;\" src=\"https:\/\/www.google.com\/maps\/embed?pb=!1m16!1m12!1m3!1d675238.8657171165!2d-100.04042378012016!3d20.783074748817373!2m3!1f0!2f0!3f0!3m2!1i1024!2i768!4f13.1!2m1!1sCampamento%20Ecotur%C3%ADstico%20Santiago%20de%20Quer%C3%A9taro%20Quer%C3%A9taro!5e0!3m2!1ses!2smx!4v1678513090936!5m2!1ses!2smx\" width=\"100%\" height=\"450\" frameborder=\"0\" allowfullscreen=\"allowfullscreen\"><\/iframe><\/p>\t\t\t\t\t\t\t\t<\/div>\n\t\t\t\t<\/div>\n\t\t\t\t\t<\/div>\n\t\t\t\t<\/div>\n\t\t<div class=\"elementor-element elementor-element-43a6be8 e-flex e-con-boxed e-con e-parent\" data-id=\"43a6be8\" data-element_type=\"container\">\n\t\t\t\t\t<div class=\"e-con-inner\">\n\t\t<div class=\"elementor-element elementor-element-04af064 e-con-full e-flex e-con e-child\" data-id=\"04af064\" data-element_type=\"container\">\n\t\t\t\t<div class=\"elementor-element elementor-element-33d58ce elementor-widget elementor-widget-image\" data-id=\"33d58ce\" data-element_type=\"widget\" data-widget_type=\"image.default\">\n\t\t\t\t<div class=\"elementor-widget-container\">\n\t\t\t\t\t\t\t\t\t\t\t\t\t\t\t\t<a href=\"https:\/\/mkdigital10.com\/plan-full-empresarial\/\">\n\t\t\t\t\t\t\t<img fetchpriority=\"high\" decoding=\"async\" width=\"750\" height=\"750\" src=\"https:\/\/queretaro10.com\/directorios\/wp-content\/uploads\/2024\/06\/qro10-4-2024-PLAN-FULL-EMPRESARIAL-min.png\" class=\"attachment-full size-full wp-image-809\" alt=\"Plan Full MARKETING EMPRESARIAL\" srcset=\"https:\/\/queretaro10.com\/directorios\/wp-content\/uploads\/2024\/06\/qro10-4-2024-PLAN-FULL-EMPRESARIAL-min.png 750w, https:\/\/queretaro10.com\/directorios\/wp-content\/uploads\/2024\/06\/qro10-4-2024-PLAN-FULL-EMPRESARIAL-min-300x300.png 300w, https:\/\/queretaro10.com\/directorios\/wp-content\/uploads\/2024\/06\/qro10-4-2024-PLAN-FULL-EMPRESARIAL-min-150x150.png 150w\" sizes=\"(max-width: 750px) 100vw, 750px\" \/>\t\t\t\t\t\t\t\t<\/a>\n\t\t\t\t\t\t\t\t\t\t\t\t\t\t\t<\/div>\n\t\t\t\t<\/div>\n\t\t\t\t<\/div>\n\t\t<div class=\"elementor-element elementor-element-02c4606 e-con-full e-flex e-con e-child\" data-id=\"02c4606\" data-element_type=\"container\">\n\t\t\t\t<div class=\"elementor-element elementor-element-08db1c7 elementor-widget elementor-widget-image\" data-id=\"08db1c7\" data-element_type=\"widget\" data-widget_type=\"image.default\">\n\t\t\t\t<div class=\"elementor-widget-container\">\n\t\t\t\t\t\t\t\t\t\t\t\t\t\t\t\t<a href=\"https:\/\/queretaro10.com\/qro\/marketing\/\">\n\t\t\t\t\t\t\t<img decoding=\"async\" width=\"750\" height=\"750\" src=\"https:\/\/queretaro10.com\/directorios\/wp-content\/uploads\/2024\/06\/qro10-Plan-MK-Digital-PyMe-Local-cuadro-4-min.png\" class=\"attachment-full size-full wp-image-810\" alt=\"PLAN FULL MARKETING DIGITAL PyMe Local\" srcset=\"https:\/\/queretaro10.com\/directorios\/wp-content\/uploads\/2024\/06\/qro10-Plan-MK-Digital-PyMe-Local-cuadro-4-min.png 750w, https:\/\/queretaro10.com\/directorios\/wp-content\/uploads\/2024\/06\/qro10-Plan-MK-Digital-PyMe-Local-cuadro-4-min-300x300.png 300w, https:\/\/queretaro10.com\/directorios\/wp-content\/uploads\/2024\/06\/qro10-Plan-MK-Digital-PyMe-Local-cuadro-4-min-150x150.png 150w\" sizes=\"(max-width: 750px) 100vw, 750px\" \/>\t\t\t\t\t\t\t\t<\/a>\n\t\t\t\t\t\t\t\t\t\t\t\t\t\t\t<\/div>\n\t\t\t\t<\/div>\n\t\t\t\t<\/div>\n\t\t<div class=\"elementor-element elementor-element-6ebf86c e-con-full e-flex e-con e-child\" data-id=\"6ebf86c\" data-element_type=\"container\">\n\t\t\t\t<div class=\"elementor-element elementor-element-741baa2 elementor-widget elementor-widget-image\" data-id=\"741baa2\" data-element_type=\"widget\" data-widget_type=\"image.default\">\n\t\t\t\t<div class=\"elementor-widget-container\">\n\t\t\t\t\t\t\t\t\t\t\t\t\t\t\t\t<a href=\"https:\/\/mkdigital10.com\/sem\/redes-sociales\/\">\n\t\t\t\t\t\t\t<img decoding=\"async\" width=\"750\" height=\"750\" src=\"https:\/\/queretaro10.com\/directorios\/wp-content\/uploads\/2025\/03\/qro10-Plan-Redes-Sociales.png\" class=\"attachment-full size-full wp-image-1199\" alt=\"Plan Redes Sociales\" srcset=\"https:\/\/queretaro10.com\/directorios\/wp-content\/uploads\/2025\/03\/qro10-Plan-Redes-Sociales.png 750w, https:\/\/queretaro10.com\/directorios\/wp-content\/uploads\/2025\/03\/qro10-Plan-Redes-Sociales-300x300.png 300w, https:\/\/queretaro10.com\/directorios\/wp-content\/uploads\/2025\/03\/qro10-Plan-Redes-Sociales-150x150.png 150w\" sizes=\"(max-width: 750px) 100vw, 750px\" \/>\t\t\t\t\t\t\t\t<\/a>\n\t\t\t\t\t\t\t\t\t\t\t\t\t\t\t<\/div>\n\t\t\t\t<\/div>\n\t\t\t\t<\/div>\n\t\t<div class=\"elementor-element elementor-element-097e002 e-con-full e-flex e-con e-child\" data-id=\"097e002\" data-element_type=\"container\">\n\t\t\t\t<div class=\"elementor-element elementor-element-4464da7 elementor-widget elementor-widget-image\" data-id=\"4464da7\" data-element_type=\"widget\" data-widget_type=\"image.default\">\n\t\t\t\t<div class=\"elementor-widget-container\">\n\t\t\t\t\t\t\t\t\t\t\t\t\t\t\t\t<a href=\"https:\/\/mkdigital10.com\/paginas-web\/\">\n\t\t\t\t\t\t\t<img loading=\"lazy\" decoding=\"async\" width=\"750\" height=\"750\" src=\"https:\/\/queretaro10.com\/directorios\/wp-content\/uploads\/2025\/03\/qro10-Plan-Paginas-Web-PyMe-Empresarial.png\" class=\"attachment-full size-full wp-image-1200\" alt=\"Plan P\u00e1ginas Web PyMe Empresarial\" srcset=\"https:\/\/queretaro10.com\/directorios\/wp-content\/uploads\/2025\/03\/qro10-Plan-Paginas-Web-PyMe-Empresarial.png 750w, https:\/\/queretaro10.com\/directorios\/wp-content\/uploads\/2025\/03\/qro10-Plan-Paginas-Web-PyMe-Empresarial-300x300.png 300w, https:\/\/queretaro10.com\/directorios\/wp-content\/uploads\/2025\/03\/qro10-Plan-Paginas-Web-PyMe-Empresarial-150x150.png 150w\" sizes=\"(max-width: 750px) 100vw, 750px\" \/>\t\t\t\t\t\t\t\t<\/a>\n\t\t\t\t\t\t\t\t\t\t\t\t\t\t\t<\/div>\n\t\t\t\t<\/div>\n\t\t\t\t<\/div>\n\t\t\t\t\t<\/div>\n\t\t\t\t<\/div>\n\t\t\t\t<\/div>\n\t\t","protected":false},"excerpt":{"rendered":"<p>Campamentos Ecotur\u00edsticos en Quer\u00e9taro El servicio de campamento ecotur\u00edstico siempre es necesario, los ciudadanos por lo menos una vez al [&hellip;]<\/p>\n","protected":false},"author":1,"featured_media":56,"parent":0,"menu_order":0,"comment_status":"closed","ping_status":"closed","template":"elementor_header_footer","meta":{"site-sidebar-layout":"default","site-content-layout":"","ast-site-content-layout":"default","site-content-style":"default","site-sidebar-style":"default","ast-global-header-display":"","ast-banner-title-visibility":"","ast-main-header-display":"","ast-hfb-above-header-display":"","ast-hfb-below-header-display":"","ast-hfb-mobile-header-display":"","site-post-title":"","ast-breadcrumbs-content":"","ast-featured-img":"","footer-sml-layout":"","theme-transparent-header-meta":"default","adv-header-id-meta":"","stick-header-meta":"","header-above-stick-meta":"","header-main-stick-meta":"","header-below-stick-meta":"","astra-migrate-meta-layouts":"set","ast-page-background-enabled":"default","ast-page-background-meta":{"desktop":{"background-color":"var(--ast-global-color-4)","background-image":"","background-repeat":"repeat","background-position":"center center","background-size":"auto","background-attachment":"scroll","background-type":"","background-media":"","overlay-type":"","overlay-color":"","overlay-opacity":"","overlay-gradient":""},"tablet":{"background-color":"","background-image":"","background-repeat":"repeat","background-position":"center center","background-size":"auto","background-attachment":"scroll","background-type":"","background-media":"","overlay-type":"","overlay-color":"","overlay-opacity":"","overlay-gradient":""},"mobile":{"background-color":"","background-image":"","background-repeat":"repeat","background-position":"center center","background-size":"auto","background-attachment":"scroll","background-type":"","background-media":"","overlay-type":"","overlay-color":"","overlay-opacity":"","overlay-gradient":""}},"ast-content-background-meta":{"desktop":{"background-color":"var(--ast-global-color-5)","background-image":"","background-repeat":"repeat","background-position":"center center","background-size":"auto","background-attachment":"scroll","background-type":"","background-media":"","overlay-type":"","overlay-color":"","overlay-opacity":"","overlay-gradient":""},"tablet":{"background-color":"var(--ast-global-color-5)","background-image":"","background-repeat":"repeat","background-position":"center center","background-size":"auto","background-attachment":"scroll","background-type":"","background-media":"","overlay-type":"","overlay-color":"","overlay-opacity":"","overlay-gradient":""},"mobile":{"background-color":"var(--ast-global-color-5)","background-image":"","background-repeat":"repeat","background-position":"center center","background-size":"auto","background-attachment":"scroll","background-type":"","background-media":"","overlay-type":"","overlay-color":"","overlay-opacity":"","overlay-gradient":""}},"footnotes":""},"class_list":["post-55","page","type-page","status-publish","has-post-thumbnail","hentry"],"aioseo_notices":[],"_links":{"self":[{"href":"https:\/\/queretaro10.com\/directorios\/wp-json\/wp\/v2\/pages\/55","targetHints":{"allow":["GET"]}}],"collection":[{"href":"https:\/\/queretaro10.com\/directorios\/wp-json\/wp\/v2\/pages"}],"about":[{"href":"https:\/\/queretaro10.com\/directorios\/wp-json\/wp\/v2\/types\/page"}],"author":[{"embeddable":true,"href":"https:\/\/queretaro10.com\/directorios\/wp-json\/wp\/v2\/users\/1"}],"replies":[{"embeddable":true,"href":"https:\/\/queretaro10.com\/directorios\/wp-json\/wp\/v2\/comments?post=55"}],"version-history":[{"count":13,"href":"https:\/\/queretaro10.com\/directorios\/wp-json\/wp\/v2\/pages\/55\/revisions"}],"predecessor-version":[{"id":1434,"href":"https:\/\/queretaro10.com\/directorios\/wp-json\/wp\/v2\/pages\/55\/revisions\/1434"}],"wp:featuredmedia":[{"embeddable":true,"href":"https:\/\/queretaro10.com\/directorios\/wp-json\/wp\/v2\/media\/56"}],"wp:attachment":[{"href":"https:\/\/queretaro10.com\/directorios\/wp-json\/wp\/v2\/media?parent=55"}],"curies":[{"name":"wp","href":"https:\/\/api.w.org\/{rel}","templated":true}]}}